000
CDUS46 KBOI 240933
CLIBKE


CLIMATE REPORT
NATIONAL WEATHER SERVICE BOISE ID
333 AM MDT FRI APR 24 2015


...................................

...THE BAKER OR CLIMATE SUMMARY FOR APRIL 23 2015...

CLIMATE NORMAL PERIOD 1981 TO 2010
CLIMATE RECORD PERIOD 1948 TO 2015


WEATHER ITEM   OBSERVED TIME   RECORD YEAR NORMAL DEPARTURE LAST
                VALUE   (LST)  VALUE       VALUE  FROM      YEAR
                                                  NORMAL
..................................................................
TEMPERATURE (F)
 YESTERDAY
  MAXIMUM         62    125 PM  86    1977  60      2       56
  MINIMUM         21    520 AM  12    2013  30     -9       21
  AVERAGE         42                        45     -3       39

PRECIPITATION (IN)
  YESTERDAY        0.05          0.45 1998   0.03   0.02      T
  MONTH TO DATE    0.62                      0.61   0.01     0.15
  SINCE OCT 1      4.44                      5.32  -0.88     4.05
  SINCE JAN 1      2.24                      2.81  -0.57     2.88

DEGREE DAYS
 HEATING
  YESTERDAY       23                        20      3       26
  MONTH TO DATE  523                       512     11      481
  SINCE MAR 1   1225                      1360   -135     1236
  SINCE JUL 1   5901                      6880   -979     6762

 COOLING
  YESTERDAY        0                         0      0        0
  MONTH TO DATE    0                         0      0        0
  SINCE MAR 1      0                         0      0        0
  SINCE JAN 1      0                         0      0        0
..................................................................


WIND (MPH)
  RESULTANT WIND SPEED   2   RESULTANT WIND DIRECTION  NW (300)
  HIGHEST WIND SPEED    20   HIGHEST WIND DIRECTION    NW (330)
  HIGHEST GUST SPEED    24   HIGHEST GUST DIRECTION    NW (320)
  AVERAGE WIND SPEED     5.8


SKY COVER
  AVERAGE SKY COVER 0.4


WEATHER CONDITIONS
 THE FOLLOWING WEATHER WAS RECORDED YESTERDAY.
  LIGHT RAIN
  LIGHT SNOW


RELATIVE HUMIDITY (PERCENT)
 HIGHEST    96          1100 PM
 LOWEST     27           100 PM
 AVERAGE    62

..........................................................


THE BAKER OR CLIMATE NORMALS FOR TODAY
                         NORMAL    RECORD    YEAR
 MAXIMUM TEMPERATURE (F)   60        89      1977
 MINIMUM TEMPERATURE (F)   30        14      2002


SUNRISE AND SUNSET
APRIL 24 2015.........SUNRISE   552 AM PDT   SUNSET   748 PM PDT
APRIL 25 2015.........SUNRISE   550 AM PDT   SUNSET   749 PM PDT


-  INDICATES NEGATIVE NUMBERS.
R  INDICATES RECORD WAS SET OR TIED.
MM INDICATES DATA IS MISSING.
T  INDICATES TRACE AMOUNT.




$$
