000
CDUS41 KRLX 190717
CLIBKW


CLIMATE REPORT
NATIONAL WEATHER SERVICE CHARLESTON WV
315 AM EDT SUN APR 19 2015


...................................

...THE BECKLEY WV CLIMATE SUMMARY FOR APRIL 18 2015...

CLIMATE NORMAL PERIOD 1981 TO 2010
CLIMATE RECORD PERIOD 1963 TO 2015


WEATHER ITEM   OBSERVED TIME   RECORD YEAR NORMAL DEPARTURE LAST
                VALUE   (LST)  VALUE       VALUE  FROM      YEAR
                                                  NORMAL
..................................................................
TEMPERATURE (F)
 YESTERDAY
  MAXIMUM         77    446 PM  86    1976  64     13       64
  MINIMUM         49    605 AM  20    1951  42      7       41
  AVERAGE         63                        53     10       53

PRECIPITATION (IN)
  YESTERDAY        T             0.97 2003   0.11  -0.11     0.00
  MONTH TO DATE    4.99                      1.95   3.04     1.52
  SINCE JAN 1     17.33                     11.09   6.24     9.09

SNOWFALL (IN)
  YESTERDAY        0.0
  MONTH TO DATE    0.0
  SINCE SEP 1     66.2
  SNOW DEPTH       0

DEGREE DAYS
 HEATING
  YESTERDAY        2                        12    -10       12
  MONTH TO DATE  159                       268   -109      213
  SINCE MAR 1    838                       980   -142     1031
  SINCE JUL 1   5171                      4981    190     5239

 COOLING
  YESTERDAY        0                         0      0        0
  MONTH TO DATE    3                         0      3        5
  SINCE MAR 1      3                         1      2        5
  SINCE JAN 1      3                         1      2        5
..................................................................


WIND (MPH)
  HIGHEST WIND SPEED    14   HIGHEST WIND DIRECTION     N (360)
  HIGHEST GUST SPEED    20   HIGHEST GUST DIRECTION     N (360)
  AVERAGE WIND SPEED     4.4


SKY COVER
  POSSIBLE SUNSHINE  MM
  AVERAGE SKY COVER 0.1


WEATHER CONDITIONS
 THE FOLLOWING WEATHER WAS RECORDED YESTERDAY.
  NO SIGNIFICANT WEATHER WAS OBSERVED.


RELATIVE HUMIDITY (PERCENT)
 HIGHEST    89           100 AM
 LOWEST     29           400 PM
 AVERAGE    59

..........................................................


THE BECKLEY WV CLIMATE NORMALS FOR TODAY
                         NORMAL    RECORD    YEAR
 MAXIMUM TEMPERATURE (F)   64        84      1976
                                             1941
                                             1896
 MINIMUM TEMPERATURE (F)   43        20      1926
                                             1904


SUNRISE AND SUNSET
APRIL 19 2015.........SUNRISE   644 AM EDT   SUNSET   804 PM EDT
APRIL 20 2015.........SUNRISE   643 AM EDT   SUNSET   805 PM EDT


-  INDICATES NEGATIVE NUMBERS.
R  INDICATES RECORD WAS SET OR TIED.
MM INDICATES DATA IS MISSING.
T  INDICATES TRACE AMOUNT.




$$
