000
CDUS46 KSEW 260837
CLIBLI


CLIMATE REPORT
NATIONAL WEATHER SERVICE SEATTLE WA
136 AM PDT SUN APR 26 2015


...................................

...THE BELLINGHAM WA AIRPORT CLIMATE SUMMARY FOR APRIL 25 2015...

CLIMATE NORMAL PERIOD 1981 TO 2010
CLIMATE RECORD PERIOD 1949 TO 2015


WEATHER ITEM   OBSERVED TIME   RECORD YEAR NORMAL DEPARTURE LAST
                VALUE   (LST)  VALUE       VALUE  FROM      YEAR
                                                  NORMAL
..................................................................
TEMPERATURE (F)
 YESTERDAY
  MAXIMUM         53    530 PM  76    1992  58     -5       57
  MINIMUM         36    517 AM  29    1955  41     -5       42
  AVERAGE         45                        50     -5       50

PRECIPITATION (IN)
  YESTERDAY        0.12          0.39 1977   0.08   0.04     0.06
  MONTH TO DATE    1.09                      2.30  -1.21     3.36
  SINCE OCT 1     28.56                     26.91   1.65    24.64
  SINCE JAN 1     13.83                     13.21   0.62    14.33

DEGREE DAYS
 HEATING
  YESTERDAY       20                        15      5       15
  MONTH TO DATE  416                       423     -7      364
  SINCE MAR 1    919                      1066   -147      957

 COOLING
  YESTERDAY        0                         0      0        0
  MONTH TO DATE    0                         0      0        0
  SINCE MAR 1      0                         0      0        0
  SINCE JAN 1      0                         0      0        0
..................................................................


WIND (MPH)
  RESULTANT WIND SPEED   3   RESULTANT WIND DIRECTION  SE (140)
  HIGHEST WIND SPEED    12   HIGHEST WIND DIRECTION     S (160)
  HIGHEST GUST SPEED    15   HIGHEST GUST DIRECTION    SE (150)
  AVERAGE WIND SPEED     3.3


SKY COVER
  AVERAGE SKY COVER 0.5


WEATHER CONDITIONS
 THE FOLLOWING WEATHER WAS RECORDED YESTERDAY.
  LIGHT RAIN
  FOG


RELATIVE HUMIDITY (PERCENT)
 HIGHEST   100          1200 AM
 LOWEST     54           500 PM
 AVERAGE    77

..........................................................


THE BELLINGHAM WA AIRPORT CLIMATE NORMALS FOR TODAY
                         NORMAL    RECORD    YEAR
 MAXIMUM TEMPERATURE (F)   59        74      1987
 MINIMUM TEMPERATURE (F)   41        31      1969


SUNRISE AND SUNSET
APRIL 26 2015.........SUNRISE   559 AM PDT   SUNSET   818 PM PDT
APRIL 27 2015.........SUNRISE   557 AM PDT   SUNSET   819 PM PDT


-  INDICATES NEGATIVE NUMBERS.
R  INDICATES RECORD WAS SET OR TIED.
MM INDICATES DATA IS MISSING.
T  INDICATES TRACE AMOUNT.




$$
