000
CDUS45 KBOI 260121
CLIBOI


CLIMATE REPORT
NATIONAL WEATHER SERVICE BOISE ID
721 PM MDT SAT APR 25 2015


...................................

...THE BOISE ID CLIMATE SUMMARY FOR APRIL 25 2015...
VALID TODAY AS OF 0600 PM LOCAL TIME.

CLIMATE NORMAL PERIOD 1981 TO 2010
CLIMATE RECORD PERIOD 1878 TO 2015


WEATHER ITEM   OBSERVED TIME   RECORD YEAR NORMAL DEPARTURE LAST
                VALUE   (LST)  VALUE       VALUE  FROM      YEAR
                                                  NORMAL
..................................................................
TEMPERATURE (F)
 TODAY
  MAXIMUM         60    524 PM  92    1946  65     -5       51
  MINIMUM         40    536 AM  26    1961  41     -1       41
                                      1921
  AVERAGE         50                        53     -3       46

PRECIPITATION (IN)
  TODAY            0.00          0.51 1900   0.04  -0.04     0.44
  MONTH TO DATE    0.60                      1.02  -0.42     1.86
  SINCE OCT 1      9.20                      8.29   0.91    10.12
  SINCE JAN 1      3.29                      4.64  -1.35     7.21

DEGREE DAYS
 HEATING
  TODAY           15                        12      3       19
  MONTH TO DATE  364                       372     -8      344
  SINCE MAR 1    831                      1008   -177      932
  SINCE JUL 1   4426                      5167   -741     5272

 COOLING
  TODAY            0                         0      0        0
  MONTH TO DATE    0                         0      0        0
  SINCE MAR 1      0                         0      0        0
  SINCE JAN 1      0                         0      0        0
..................................................................


WIND (MPH)
  HIGHEST WIND SPEED    26   HIGHEST WIND DIRECTION    NW (320)
  HIGHEST GUST SPEED    31   HIGHEST GUST DIRECTION    NW (320)
  AVERAGE WIND SPEED     7.4



WEATHER CONDITIONS
 THE FOLLOWING WEATHER WAS RECORDED TODAY.
  NO SIGNIFICANT WEATHER WAS OBSERVED.


RELATIVE HUMIDITY (PERCENT)
 HIGHEST    73           500 AM
 LOWEST     22           500 PM
 AVERAGE    48

..........................................................


THE BOISE ID CLIMATE NORMALS FOR TOMORROW
                         NORMAL    RECORD    YEAR
 MAXIMUM TEMPERATURE (F)   65        92      1898
 MINIMUM TEMPERATURE (F)   41        24      1985


SUNRISE AND SUNSET
APRIL 25 2015.........SUNRISE   647 AM MDT   SUNSET   840 PM MDT
APRIL 26 2015.........SUNRISE   645 AM MDT   SUNSET   841 PM MDT


-  INDICATES NEGATIVE NUMBERS.
R  INDICATES RECORD WAS SET OR TIED.
MM INDICATES DATA IS MISSING.
T  INDICATES TRACE AMOUNT.




$$
