000
CDUS44 KLIX 050710
CLIBTR


CLIMATE REPORT
NATIONAL WEATHER SERVICE NEW ORLEANS
208 AM CDT TUE MAY 5 2015


...................................

...THE BATON ROUGE  ASOS CLIMATE SUMMARY FOR MAY 4 2015...

CLIMATE NORMAL PERIOD 1981 TO 2010
CLIMATE RECORD PERIOD 1894 TO 2015


WEATHER ITEM   OBSERVED TIME   RECORD YEAR NORMAL DEPARTURE LAST
                VALUE   (LST)  VALUE       VALUE  FROM      YEAR
                                                  NORMAL
..................................................................
TEMPERATURE (F)
 YESTERDAY
  MAXIMUM         84    142 PM  94    1952  84      0       89
  MINIMUM         57    410 AM  40    2013  62     -5       61
  AVERAGE         71                        73     -2       75

PRECIPITATION (IN)
  YESTERDAY        0.00          4.75 2007   0.16  -0.16     0.00
  MONTH TO DATE    0.00                      0.58  -0.58      T
  SINCE MAR 1     11.46                      9.45   2.01     6.75
  SINCE JAN 1     21.21                     20.21   1.00    16.02

SNOWFALL (IN)
  YESTERDAY        0.0
  MONTH TO DATE    0.0
  SINCE MAR 1      T
  SINCE JUL 1      T
  SNOW DEPTH       0

DEGREE DAYS
 HEATING
  YESTERDAY        0                         0      0        0
  MONTH TO DATE    0                         0      0        3
  SINCE MAR 1     99                       218   -119      275
  SINCE JUL 1   1641                      1553     88     1981

 COOLING
  YESTERDAY        6                         8     -2       10
  MONTH TO DATE   24                        31     -7       18
  SINCE MAR 1    331                       231    100      211
  SINCE JAN 1    335                       262     73      231
..................................................................


WIND (MPH)
  HIGHEST WIND SPEED    20   HIGHEST WIND DIRECTION    SE (120)
  HIGHEST GUST SPEED    28   HIGHEST GUST DIRECTION    SE (120)
  AVERAGE WIND SPEED     8.1


SKY COVER
  POSSIBLE SUNSHINE  MM
  AVERAGE SKY COVER 0.4


WEATHER CONDITIONS
 THE FOLLOWING WEATHER WAS RECORDED YESTERDAY.
  NO SIGNIFICANT WEATHER WAS OBSERVED.


RELATIVE HUMIDITY (PERCENT)
 HIGHEST    93           300 AM
 LOWEST     51           200 PM
 AVERAGE    72

..........................................................


THE BATON ROUGE  ASOS CLIMATE NORMALS FOR TODAY
                         NORMAL    RECORD    YEAR
 MAXIMUM TEMPERATURE (F)   84        95      1952
 MINIMUM TEMPERATURE (F)   62        45      1954


SUNRISE AND SUNSET
MAY  5 2015...........SUNRISE   618 AM CDT   SUNSET   745 PM CDT
MAY  6 2015...........SUNRISE   617 AM CDT   SUNSET   746 PM CDT


-  INDICATES NEGATIVE NUMBERS.
R  INDICATES RECORD WAS SET OR TIED.
MM INDICATES DATA IS MISSING.
T  INDICATES TRACE AMOUNT.




$$
