000
CDUS41 KLWX 182124
CLIBWI


CLIMATE REPORT
NATIONAL WEATHER SERVICE BALTIMORE MD/WASHINGTON DC
524 PM EDT SAT APR 18 2015


...................................

...THE BALTIMORE MD CLIMATE SUMMARY FOR APRIL 18 2015...
VALID TODAY AS OF 0500 PM LOCAL TIME.

CLIMATE NORMAL PERIOD 1981 TO 2010
CLIMATE RECORD PERIOD 1870 TO 2015


WEATHER ITEM   OBSERVED TIME   RECORD YEAR NORMAL DEPARTURE LAST
                VALUE   (LST)  VALUE       VALUE  FROM      YEAR
                                                  NORMAL
..................................................................
TEMPERATURE (F)
 TODAY
  MAXIMUM         80    349 PM  94    1896  66     14       52
  MINIMUM         53    424 AM  26    1875  44      9       37
  AVERAGE         67                        54     13       45

PRECIPITATION (IN)
  TODAY            0.00          1.60 1924   0.10  -0.10     0.00
  MONTH TO DATE    2.18                      1.95   0.23     3.09
  SINCE MAR 1      6.85                      5.85   1.00     7.47
  SINCE JAN 1     12.98                     11.80   1.18    14.76

SNOWFALL (IN)
  TODAY            0.0           T    2001   0.0    0.0
                                      1926
  MONTH TO DATE    0.0                       0.0    0.0
  SINCE JUL 1     28.7                      20.1    8.6
  SNOW DEPTH       0

DEGREE DAYS
 HEATING
  TODAY            0                        11    -11       20
  MONTH TO DATE  185                       244    -59      230
  SINCE MAR 1    962                       910     52     1043
  SINCE JUL 1   4777                      4505    272     4800

 COOLING
  TODAY            2                         0      2        0
  MONTH TO DATE    4                         0      4        7
  SINCE MAR 1      4                         1      3        7
  SINCE JAN 1      4                         1      3        7
..................................................................


WIND (MPH)
  HIGHEST WIND SPEED    13   HIGHEST WIND DIRECTION    NW (310)
  HIGHEST GUST SPEED    22   HIGHEST GUST DIRECTION     N (350)
  AVERAGE WIND SPEED     4.2


SKY COVER
  POSSIBLE SUNSHINE  MM
  AVERAGE SKY COVER 0.5


WEATHER CONDITIONS
 THE FOLLOWING WEATHER WAS RECORDED TODAY.
  NO SIGNIFICANT WEATHER WAS OBSERVED.


RELATIVE HUMIDITY (PERCENT)
 HIGHEST    93           200 AM
 LOWEST     25           400 PM
 AVERAGE    59

..........................................................


THE BALTIMORE MD CLIMATE NORMALS FOR TOMORROW
                         NORMAL    RECORD    YEAR
 MAXIMUM TEMPERATURE (F)   66        93      1896
 MINIMUM TEMPERATURE (F)   44        24      1875


SUNRISE AND SUNSET
APRIL 18 2015.........SUNRISE   626 AM EDT   SUNSET   747 PM EDT
APRIL 19 2015.........SUNRISE   624 AM EDT   SUNSET   748 PM EDT


-  INDICATES NEGATIVE NUMBERS.
R  INDICATES RECORD WAS SET OR TIED.
MM INDICATES DATA IS MISSING.
T  INDICATES TRACE AMOUNT.




$$
