000
CDUS45 KPIH 012330
CLIBYI


CLIMATE REPORT
NATIONAL WEATHER SERVICE POCATELLO ID
526 PM MDT WED APR 1 2015


...................................

...THE BURLEY ID CLIMATE SUMMARY FOR APRIL 1 2015...
VALID TODAY AS OF 0500 PM LOCAL TIME.

CLIMATE NORMAL PERIOD 1981 TO 2010
CLIMATE RECORD PERIOD 1948 TO 2015


WEATHER ITEM   OBSERVED TIME   RECORD YEAR NORMAL DEPARTURE LAST
                VALUE   (LST)  VALUE       VALUE  FROM      YEAR
                                                  NORMAL
..................................................................
TEMPERATURE (F)
 TODAY
  MAXIMUM         49    359 PM  77    1990  55     -6       40
  MINIMUM         33    708 AM  15    2008  31      2       30
  AVERAGE         41                        43     -2       35

PRECIPITATION (IN)
  TODAY            0.00          0.66 1974   0.03  -0.03     0.10
  MONTH TO DATE    0.00                      0.03  -0.03     0.10
  SINCE OCT 1      3.35                      5.57  -2.22     4.03
  SINCE JAN 1      1.30                      2.74  -1.44     3.42

SNOWFALL (IN)
  TODAY           MM
  MONTH TO DATE   MM
  SINCE MAR 1     MM
  SINCE JUL 1     MM
  SNOW DEPTH      MM

DEGREE DAYS
 HEATING
  TODAY           24                        22      2       30
  MONTH TO DATE   24                        22      2       30
  SINCE MAR 1    620                       819   -199      725
  SINCE JUL 1   4597                      5841  -1244     5420

 COOLING
  TODAY            0                         0      0        0
  MONTH TO DATE    0                         0      0        0
  SINCE MAR 1      0                         0      0        0
  SINCE JAN 1      0                         0      0        0
..................................................................


WIND (MPH)
  HIGHEST WIND SPEED    25   HIGHEST WIND DIRECTION     W (270)
  HIGHEST GUST SPEED    35   HIGHEST GUST DIRECTION     W (260)
  AVERAGE WIND SPEED    17.3


SKY COVER
  POSSIBLE SUNSHINE  MM
  AVERAGE SKY COVER 0.1


WEATHER CONDITIONS
 THE FOLLOWING WEATHER WAS RECORDED TODAY.
  LIGHT RAIN


RELATIVE HUMIDITY (PERCENT)
 HIGHEST    75           600 AM
 LOWEST     26           300 PM
 AVERAGE    51

..........................................................


THE BURLEY ID CLIMATE NORMALS FOR TOMORROW
                         NORMAL    RECORD    YEAR
 MAXIMUM TEMPERATURE (F)   55        80      1990
 MINIMUM TEMPERATURE (F)   31        17      1953


SUNRISE AND SUNSET
APRIL  1 2015.........SUNRISE   718 AM MDT   SUNSET   801 PM MDT
APRIL  2 2015.........SUNRISE   716 AM MDT   SUNSET   802 PM MDT


-  INDICATES NEGATIVE NUMBERS.
R  INDICATES RECORD WAS SET OR TIED.
MM INDICATES DATA IS MISSING.
T  INDICATES TRACE AMOUNT.




$$
