000
CDUS42 KCAE 180655
CLICAE


CLIMATE REPORT
NATIONAL WEATHER SERVICE COLUMBIA SC
255 AM EDT SAT APR 18 2015


...................................

...THE COLUMBIA METRO AIRPORT SC CLIMATE SUMMARY FOR APRIL 17 2015...

CLIMATE NORMAL PERIOD 1981 TO 2010
CLIMATE RECORD PERIOD 1887 TO 2015


WEATHER ITEM   OBSERVED TIME   RECORD YEAR NORMAL DEPARTURE LAST
                VALUE   (LST)  VALUE       VALUE  FROM      YEAR
                                                  NORMAL
..................................................................
TEMPERATURE (F)
 YESTERDAY
  MAXIMUM         72    459 PM  92    1896  77     -5       70
  MINIMUM         56    245 AM  30    1949  51      5       41
  AVERAGE         64                        64      0       56

PRECIPITATION (IN)
  YESTERDAY        0.03          1.67 1895   0.09  -0.06     0.00
  MONTH TO DATE    2.29                      1.49   0.80     1.03
  SINCE MAR 1      5.07                      5.22  -0.15     4.96
  SINCE JAN 1     12.43                     12.41   0.02    11.28

SNOWFALL (IN)
  YESTERDAY        0.0          MM      MM   0.0             0.0
  MONTH TO DATE    0.0                       0.0             0.0
  SINCE MAR 1      0.0                       0.1             0.0
  SINCE JUL 1      T                         1.5             4.2

DEGREE DAYS
 HEATING
  YESTERDAY        1                         4     -3        9
  MONTH TO DATE   28                        87    -59       51
  SINCE MAR 1    243                       397   -154      443
  SINCE JUL 1   2432                      2496    -64     2527

 COOLING
  YESTERDAY        0                         2     -2        0
  MONTH TO DATE   89                        30     59       41
  SINCE MAR 1    114                        48     66       42
  SINCE JAN 1    114                        52     62       49
..................................................................


WIND (MPH)
  HIGHEST WIND SPEED     7   HIGHEST WIND DIRECTION     N (360)
  HIGHEST GUST SPEED     9   HIGHEST GUST DIRECTION     N (340)
  AVERAGE WIND SPEED     2.3


SKY COVER
  AVERAGE SKY COVER 1.0


WEATHER CONDITIONS
 THE FOLLOWING WEATHER WAS RECORDED YESTERDAY.
  LIGHT RAIN
  FOG
  HAZE


RELATIVE HUMIDITY (PERCENT)
 HIGHEST    93          1200 AM
 LOWEST     68           300 PM
 AVERAGE    81

..........................................................


THE COLUMBIA METRO AIRPORT SC CLIMATE NORMALS FOR TODAY
                         NORMAL    RECORD    YEAR
 MAXIMUM TEMPERATURE (F)   77        96      1896
 MINIMUM TEMPERATURE (F)   51        34      1983


SUNRISE AND SUNSET
APRIL 18 2015.........SUNRISE   650 AM EDT   SUNSET   758 PM EDT
APRIL 19 2015.........SUNRISE   649 AM EDT   SUNSET   759 PM EDT


-  INDICATES NEGATIVE NUMBERS.
R  INDICATES RECORD WAS SET OR TIED.
MM INDICATES DATA IS MISSING.
T  INDICATES TRACE AMOUNT.




$$
