000
CDUS45 KCYS 260732
CLICDR


CLIMATE REPORT
NATIONAL WEATHER SERVICE CHEYENNE WY
131 AM MDT SUN APR 26 2015


...................................

...THE CHADRON NE AIRPORT CLIMATE SUMMARY FOR APRIL 25 2015...

CLIMATE NORMAL PERIOD 1981 TO 2010
CLIMATE RECORD PERIOD 1895 TO 2015


WEATHER ITEM   OBSERVED TIME   RECORD YEAR NORMAL DEPARTURE LAST
                VALUE   (LST)  VALUE       VALUE  FROM      YEAR
                                                  NORMAL
..................................................................
TEMPERATURE (F)
 YESTERDAY
  MAXIMUM         69    149 PM  86    1962  64      5       73
  MINIMUM         34    530 AM  17    2002  33      1       33
  AVERAGE         52                        48      4       53

PRECIPITATION (IN)
  YESTERDAY        0.14          1.38 1929   0.08   0.06     0.00
  MONTH TO DATE    1.25                      1.54  -0.29     1.04
  SINCE JAN 1      2.44                      3.74  -1.30     2.62

DEGREE DAYS
 HEATING
  YESTERDAY       13                        17     -4       12
  MONTH TO DATE  478                       526    -48      452
  SINCE MAR 1   1155                      1431   -276     1350
  SINCE JUL 1   6100                      6683   -583     6824

 COOLING
  YESTERDAY        0                         0      0        0
  MONTH TO DATE    0                         0      0        1
  SINCE MAR 1      0                         0      0        1
  SINCE JAN 1      0                         0      0        1
..................................................................


WIND (MPH)
  HIGHEST WIND SPEED    35   HIGHEST WIND DIRECTION    NW (330)
  HIGHEST GUST SPEED    46   HIGHEST GUST DIRECTION    NW (320)
  AVERAGE WIND SPEED     7.2


SKY COVER
  AVERAGE SKY COVER 0.4


WEATHER CONDITIONS
 THE FOLLOWING WEATHER WAS RECORDED YESTERDAY.
  THUNDERSTORM
  HEAVY RAIN
  LIGHT RAIN
  FOG


RELATIVE HUMIDITY (PERCENT)
 HIGHEST   100           400 AM
 LOWEST     45           200 PM
 AVERAGE    73

..........................................................


THE CHADRON NE AIRPORT CLIMATE NORMALS FOR TODAY
                         NORMAL    RECORD    YEAR
 MAXIMUM TEMPERATURE (F)   64        87      1981
 MINIMUM TEMPERATURE (F)   33        20      1995
                                             1945
                                             1932


SUNRISE AND SUNSET
APRIL 26 2015.........SUNRISE   554 AM MDT   SUNSET   747 PM MDT
APRIL 27 2015.........SUNRISE   553 AM MDT   SUNSET   748 PM MDT


-  INDICATES NEGATIVE NUMBERS.
R  INDICATES RECORD WAS SET OR TIED.
MM INDICATES DATA IS MISSING.
T  INDICATES TRACE AMOUNT.




$$
