000
CDUS44 KMRX 242124
CLICHA

CLIMATE REPORT NATIONAL WEATHER SERVICE MORRISTOWN TN
524 PM EDT FRI APR 24 2015

...................................

...THE CHATTANOOGA CLIMATE SUMMARY FOR APRIL 24 2015... VALID TODAY
AS OF 500 PM LOCAL TIME.

CLIMATE NORMAL PERIOD 1981 TO 2010
CLIMATE RECORD PERIOD 1879 TO 2015


WEATHER ITEM   OBSERVED TIME   RECORD YEAR NORMAL DEPARTURE LAST
                VALUE   (LST)  VALUE       VALUE  FROM      YEAR
                                                  NORMAL
..................................................................
TEMPERATURE (F)
 TODAY
  MAXIMUM         71    352 PM  92    1925  75     -4       82
  MINIMUM         42    543 AM  34    1986  51     -9       44
                                      1982
                                      1910
  AVERAGE         57                        63     -6       63

PRECIPITATION (IN)
  TODAY            0.00          1.84 1937   0.13  -0.13     0.00
  MONTH TO DATE    8.58                      3.20   5.38     3.00
  SINCE MAR 1     12.75                      8.18   4.57     5.38
  SINCE JAN 1     19.74                     17.93   1.81    12.97

SNOWFALL (IN)
  TODAY            0.0                       0.0    0.0      0.0
  MONTH TO DATE    0.0                       0.1   -0.1      0.0
  SINCE MAR 1      0.0                       1.3   -1.3       T
  SINCE JUL 1      9.5                       3.9    5.6      8.4
  SNOW DEPTH       0

DEGREE DAYS
 HEATING
  TODAY            8                         4      4        2
  MONTH TO DATE   71                       155    -84      120
  SINCE MAR 1    390                       559   -169      555
  SINCE JUL 1   3223                      3181     42     3349

 COOLING
  TODAY            0                         2     -2        0
  MONTH TO DATE   44                        28     16       15
  SINCE MAR 1     46                        35     11       15
  SINCE JAN 1     46                        35     11       15
..................................................................


WIND (MPH)
  HIGHEST WIND SPEED    14   HIGHEST WIND DIRECTION     N (10)
  HIGHEST GUST SPEED    19   HIGHEST GUST DIRECTION    NE (30)
  AVERAGE WIND SPEED     4.4


SKY COVER
  POSSIBLE SUNSHINE  MM
  AVERAGE SKY COVER 0.4


WEATHER CONDITIONS
 THE FOLLOWING WEATHER WAS RECORDED TODAY.
  NO SIGNIFICANT WEATHER WAS OBSERVED.


RELATIVE HUMIDITY (PERCENT)
 HIGHEST    76           700 AM
 LOWEST     25           300 PM
 AVERAGE    51

..........................................................


THE CHATTANOOGA  ASOS CLIMATE NORMALS FOR TOMORROW
                         NORMAL    RECORD    YEAR
 MAXIMUM TEMPERATURE (F)   75        88      2009
                                             1986
                                             1960
 MINIMUM TEMPERATURE (F)   51        32      1974
                                             1910


SUNRISE AND SUNSET
APRIL 24 2015.........SUNRISE   658 AM EDT   SUNSET   820 PM EDT
APRIL 25 2015.........SUNRISE   657 AM EDT   SUNSET   821 PM EDT


-  INDICATES NEGATIVE NUMBERS.
R  INDICATES RECORD WAS SET OR TIED.
MM INDICATES DATA IS MISSING.
T  INDICATES TRACE AMOUNT.




$$
