000
CDUS44 KHGX 190727
CLICLL


CLIMATE REPORT
NATIONAL WEATHER SERVICE HOUSTON/GALVESTON TX
226 AM CDT SUN APR 19 2015


...................................

...THE COLLEGE STATION CLIMATE SUMMARY FOR APRIL 18 2015...

CLIMATE NORMAL PERIOD 1981 TO 2010
CLIMATE RECORD PERIOD 1902 TO 2015


WEATHER ITEM   OBSERVED TIME   RECORD YEAR NORMAL DEPARTURE LAST
                VALUE   (LST)  VALUE       VALUE  FROM      YEAR
                                                  NORMAL
..................................................................
TEMPERATURE (F)
 YESTERDAY
  MAXIMUM         78    235 PM  94    2006  79     -1       78
  MINIMUM         61   1159 PM  42    1947  59      2       59
  AVERAGE         70                        69      1       69

PRECIPITATION (IN)
  YESTERDAY        0.35          1.62 1922   0.10   0.25     0.00
  MONTH TO DATE    2.36                      1.45   0.91     1.23
  SINCE MAR 1      8.19                      4.62   3.57     2.84
  SINCE JAN 1     15.60                     10.71   4.89     5.02

SNOWFALL (IN)
  YESTERDAY        0.0
  MONTH TO DATE    0.0
  SINCE JUL 1      T

DEGREE DAYS
 HEATING
  YESTERDAY        0                         1     -1        0
  MONTH TO DATE    7                        38    -31       59
  SINCE MAR 1    218                       210      8      328
  SINCE JUL 1   1759                      1597    162     2052

 COOLING
  YESTERDAY        5                         5      0        4
  MONTH TO DATE  118                        75     43       67
  SINCE MAR 1    164                       134     30       90
  SINCE JAN 1    165                       162      3      111
..................................................................


WIND (MPH)
  HIGHEST WIND SPEED    30   HIGHEST WIND DIRECTION    NW (310)
  HIGHEST GUST SPEED    42   HIGHEST GUST DIRECTION    NW (320)
  AVERAGE WIND SPEED     4.0


SKY COVER
  AVERAGE SKY COVER 0.6


WEATHER CONDITIONS
 THE FOLLOWING WEATHER WAS RECORDED YESTERDAY.
  THUNDERSTORM
  HEAVY RAIN
  RAIN
  LIGHT RAIN
  FOG


RELATIVE HUMIDITY (PERCENT)
 HIGHEST    93           400 AM
 LOWEST     69           200 PM
 AVERAGE    81

..........................................................


THE COLLEGE STATION CLIMATE NORMALS FOR TODAY
                         NORMAL    RECORD    YEAR
 MAXIMUM TEMPERATURE (F)   80        96      2011
 MINIMUM TEMPERATURE (F)   59        39      1953


SUNRISE AND SUNSET
APRIL 19 2015.........SUNRISE   654 AM CDT   SUNSET   756 PM CDT
APRIL 20 2015.........SUNRISE   653 AM CDT   SUNSET   756 PM CDT


-  INDICATES NEGATIVE NUMBERS.
R  INDICATES RECORD WAS SET OR TIED.
MM INDICATES DATA IS MISSING.
T  INDICATES TRACE AMOUNT.




$$
