000
CDUS41 KGYX 202046
CLICON


CLIMATE REPORT
NATIONAL WEATHER SERVICE GRAY ME
446 PM EDT MON APR 20 2015


...................................

...THE CONCORD NH CLIMATE SUMMARY FOR APRIL 20 2015...
VALID TODAY AS OF 0400 PM LOCAL TIME.

CLIMATE NORMAL PERIOD 1981 TO 2010
CLIMATE RECORD PERIOD 1868 TO 2015


WEATHER ITEM   OBSERVED TIME   RECORD YEAR NORMAL DEPARTURE LAST
                VALUE   (LST)  VALUE       VALUE  FROM      YEAR
                                                  NORMAL
..................................................................
TEMPERATURE (F)
 TODAY
  MAXIMUM         47   1010 AM  92    1941  60    -13       58
  MINIMUM         38   1245 AM  16    1974  34      4       22
                                      1875
  AVERAGE         43                        47     -4       40

PRECIPITATION (IN)
  TODAY            0.29          1.75 1950   0.11   0.18     0.00
  MONTH TO DATE    1.26                      2.29  -1.03     1.84
  SINCE MAR 1      2.74                      5.56  -2.82     5.82
  SINCE JAN 1      8.80                     10.88  -2.08    13.14

SNOWFALL (IN)
  TODAY            0.0           5.0  1947   0.1   -0.1      0.0
  MONTH TO DATE    2.1                       2.5   -0.4      0.2
  SINCE MAR 1      7.9                      13.6   -5.7     10.6
  SINCE JUL 1     92.1                      61.1   31.0     80.4
  SNOW DEPTH       0

DEGREE DAYS
 HEATING
  TODAY           22                        18      4       25
  MONTH TO DATE  431                       439     -8      444
  SINCE MAR 1   1579                      1426    153     1658
  SINCE JUL 1   7033                      6686    347     7127

 COOLING
  TODAY            0                         0      0        0
  MONTH TO DATE    0                         0      0        0
  SINCE MAR 1      0                         0      0        0
  SINCE JAN 1      0                         0      0        0
..................................................................


WIND (MPH)
  HIGHEST WIND SPEED    20   HIGHEST WIND DIRECTION     E (100)
  HIGHEST GUST SPEED    29   HIGHEST GUST DIRECTION     E (90)
  AVERAGE WIND SPEED     5.8


SKY COVER
  POSSIBLE SUNSHINE  MM
  AVERAGE SKY COVER 0.5


WEATHER CONDITIONS
 THE FOLLOWING WEATHER WAS RECORDED TODAY.
  LIGHT RAIN
  FOG


RELATIVE HUMIDITY (PERCENT)
 HIGHEST    89           200 PM
 LOWEST     70          1200 AM
 AVERAGE    80

..........................................................


THE CONCORD NH CLIMATE NORMALS FOR TOMORROW
                         NORMAL    RECORD    YEAR
 MAXIMUM TEMPERATURE (F)   60        84      1977
                                             1957
 MINIMUM TEMPERATURE (F)   35        14      1875


SUNRISE AND SUNSET
APRIL 20 2015.........SUNRISE   556 AM EDT   SUNSET   734 PM EDT
APRIL 21 2015.........SUNRISE   555 AM EDT   SUNSET   735 PM EDT


-  INDICATES NEGATIVE NUMBERS.
R  INDICATES RECORD WAS SET OR TIED.
MM INDICATES DATA IS MISSING.
T  INDICATES TRACE AMOUNT.




$$
