000
CDUS44 KCRP 190912
CLICRP

CLIMATE REPORT
NATIONAL WEATHER SERVICE CORPUS CHRISTI TX
409 AM CDT SUN APR 19 2015


...................................

...THE CORPUS CHRISTI CLIMATE SUMMARY FOR APRIL 18 2015...

CLIMATE NORMAL PERIOD 1981 TO 2010
CLIMATE RECORD PERIOD 1887 TO 2015


WEATHER ITEM   OBSERVED TIME   RECORD YEAR NORMAL DEPARTURE LAST
                VALUE   (LST)  VALUE       VALUE  FROM      YEAR
                                                  NORMAL
..................................................................
TEMPERATURE (F)
 YESTERDAY
  MAXIMUM         75    324 PM  96    1975  82     -7       80
  MINIMUM         66    213 PM  49    1921  64      2       60
  AVERAGE         71                        73     -2       70

PRECIPITATION (IN)
  YESTERDAY        0.59          1.04 1938   0.07   0.52     0.00
  MONTH TO DATE    4.51                      1.03   3.48     0.43
  SINCE MAR 1     10.64                      2.92   7.72     2.08
  SINCE JAN 1     14.09                      6.39   7.70     2.99

SNOWFALL (IN)
  YESTERDAY        0.0
  MONTH TO DATE    0.0
  SINCE MAR 1      0.0
  SINCE JUL 1      0.0
  SNOW DEPTH       0

DEGREE DAYS
 HEATING
  YESTERDAY        0                         0      0        0
  MONTH TO DATE    0                        15    -15       14
  SINCE MAR 1    116                        96     20      146
  SINCE JUL 1   1053                       896    157     1145

 COOLING
  YESTERDAY        6                         8     -2        5
  MONTH TO DATE  173                       125     48      114
  SINCE MAR 1    248                       240      8      198
  SINCE JAN 1    276                       316    -40      275
..................................................................


WIND (MPH)
  HIGHEST WIND SPEED    24   HIGHEST WIND DIRECTION     E (90)
  HIGHEST GUST SPEED    35   HIGHEST GUST DIRECTION    NW (310)
  AVERAGE WIND SPEED     8.9


SKY COVER
  POSSIBLE SUNSHINE  MM
  AVERAGE SKY COVER 0.7


WEATHER CONDITIONS
 THE FOLLOWING WEATHER WAS RECORDED YESTERDAY.
  THUNDERSTORM
  HEAVY RAIN
  RAIN
  LIGHT RAIN
  FOG


RELATIVE HUMIDITY (PERCENT)
 HIGHEST    97           300 AM
 LOWEST     79           400 PM
 AVERAGE    88

..........................................................


THE CORPUS CHRISTI CLIMATE NORMALS FOR TODAY
                         NORMAL    RECORD    YEAR
 MAXIMUM TEMPERATURE (F)   82        94      1984
 MINIMUM TEMPERATURE (F)   64        46      2008


SUNRISE AND SUNSET
APRIL 19 2015.........SUNRISE   701 AM CDT   SUNSET   757 PM CDT
APRIL 20 2015.........SUNRISE   701 AM CDT   SUNSET   758 PM CDT


-  INDICATES NEGATIVE NUMBERS.
R  INDICATES RECORD WAS SET OR TIED.
MM INDICATES DATA IS MISSING.
T  INDICATES TRACE AMOUNT.




$$
