000
CDUS41 KRLX 052130
CLICRW


CLIMATE REPORT
NATIONAL WEATHER SERVICE CHARLESTON WV
526 PM EDT TUE MAY 5 2015


...................................

...THE CHARLESTON WV CLIMATE SUMMARY FOR MAY 5 2015...
VALID TODAY AS OF 0500 PM LOCAL TIME.

CLIMATE NORMAL PERIOD 1981 TO 2010
CLIMATE RECORD PERIOD 1901 TO 2015


WEATHER ITEM   OBSERVED TIME   RECORD YEAR NORMAL DEPARTURE LAST
                VALUE   (LST)  VALUE       VALUE  FROM      YEAR
                                                  NORMAL
..................................................................
TEMPERATURE (F)
 TODAY
  MAXIMUM         86    356 PM  94    1928  73     13       68
  MINIMUM         58    552 AM  32    1907  50      8       47
  AVERAGE         72                        61     11       58

PRECIPITATION (IN)
  TODAY            0.00          1.32 2012   0.15  -0.15     0.02
  MONTH TO DATE    0.02                      0.70  -0.68     0.02
  SINCE MAR 1     12.08                      7.85   4.23     6.71
  SINCE JAN 1     17.28                     14.04   3.24    13.77

DEGREE DAYS
 HEATING
  TODAY            0                         5     -5        7
  MONTH TO DATE   18                        28    -10       31
  SINCE MAR 1    894                       922    -28      950
  SINCE JUL 1   4799                      4376    423     4717

 COOLING
  TODAY            7                         1      6        0
  MONTH TO DATE    7                         5      2        0
  SINCE MAR 1     22                        37    -15       18
  SINCE JAN 1     22                        37    -15       18
..................................................................


WIND (MPH)
  HIGHEST WIND SPEED    14   HIGHEST WIND DIRECTION    NW (300)
  HIGHEST GUST SPEED    17   HIGHEST GUST DIRECTION     W (270)
  AVERAGE WIND SPEED     3.7


SKY COVER
  POSSIBLE SUNSHINE  MM
  AVERAGE SKY COVER 0.6


WEATHER CONDITIONS
 THE FOLLOWING WEATHER WAS RECORDED TODAY.
  NO SIGNIFICANT WEATHER WAS OBSERVED.


RELATIVE HUMIDITY (PERCENT)
 HIGHEST    84           700 AM
 LOWEST     30           400 PM
 AVERAGE    57

..........................................................


THE CHARLESTON WV CLIMATE NORMALS FOR TOMORROW
                         NORMAL    RECORD    YEAR
 MAXIMUM TEMPERATURE (F)   73        94      1932
 MINIMUM TEMPERATURE (F)   50        31      1968


SUNRISE AND SUNSET
MAY  5 2015...........SUNRISE   625 AM EDT   SUNSET   821 PM EDT
MAY  6 2015...........SUNRISE   624 AM EDT   SUNSET   822 PM EDT


-  INDICATES NEGATIVE NUMBERS.
R  INDICATES RECORD WAS SET OR TIED.
MM INDICATES DATA IS MISSING.
T  INDICATES TRACE AMOUNT.




$$
