000
CDUS41 KILN 270527
CLICVG


CLIMATE REPORT
NATIONAL WEATHER SERVICE WILMINGTON OH
127 AM EDT MON APR 27 2015


...................................

...THE CINCINNATI OH CLIMATE SUMMARY FOR APRIL 26 2015...

CLIMATE NORMAL PERIOD 1981 TO 2010
CLIMATE RECORD PERIOD 1869 TO 2015


WEATHER ITEM   OBSERVED TIME   RECORD YEAR NORMAL DEPARTURE LAST
                VALUE   (LST)  VALUE       VALUE  FROM      YEAR
                                                  NORMAL
..................................................................
TEMPERATURE (F)
 YESTERDAY
  MAXIMUM         60    421 PM  89    1915  68     -8       80
  MINIMUM         41    641 AM  29    1919  47     -6       48
  AVERAGE         51                        58     -7       64

PRECIPITATION (IN)
  YESTERDAY        0.01          1.58 1912   0.14  -0.13     0.00
  MONTH TO DATE    5.01                      3.34   1.67     5.04
  SINCE MAR 1     11.33                      7.30   4.03     7.45
  SINCE JAN 1     15.48                     13.11   2.37    12.99

SNOWFALL (IN)
  YESTERDAY        0.0           0.0    MM   0.0    0.0      0.0
  MONTH TO DATE    0.0                       0.5   -0.5      0.6
  SINCE MAR 1      4.9                       3.5    1.4      3.9
  SINCE JUL 1     29.9                      22.1    7.8     47.5
  SNOW DEPTH       0

DEGREE DAYS
 HEATING
  YESTERDAY       14                         8      6        1
  MONTH TO DATE  227                       311    -84      262
  SINCE MAR 1    932                       977    -45     1044
  SINCE JUL 1   5159                      4804    355     5288

 COOLING
  YESTERDAY        0                         1     -1        0
  MONTH TO DATE    5                        14     -9        7
  SINCE MAR 1      5                        14     -9        7
  SINCE JAN 1      5                        14     -9        7
..................................................................


WIND (MPH)
  RESULTANT WIND SPEED  10   RESULTANT WIND DIRECTION   N (10)
  HIGHEST WIND SPEED    20   HIGHEST WIND DIRECTION     N (20)
  HIGHEST GUST SPEED    24   HIGHEST GUST DIRECTION     N (10)
  AVERAGE WIND SPEED    10.4


SKY COVER
  POSSIBLE SUNSHINE  MM
  AVERAGE SKY COVER 0.4


WEATHER CONDITIONS
 THE FOLLOWING WEATHER WAS RECORDED YESTERDAY.
  LIGHT RAIN


RELATIVE HUMIDITY (PERCENT)
 HIGHEST    83           200 AM
 LOWEST     37           300 PM
 AVERAGE    60

..........................................................


THE CINCINNATI OH CLIMATE NORMALS FOR TODAY
                         NORMAL    RECORD    YEAR
 MAXIMUM TEMPERATURE (F)   69        86      1990
                                             1986
                                             1914
 MINIMUM TEMPERATURE (F)   48        30      1996


SUNRISE AND SUNSET
APRIL 27 2015.........SUNRISE   646 AM EDT   SUNSET   827 PM EDT
APRIL 28 2015.........SUNRISE   645 AM EDT   SUNSET   828 PM EDT


-  INDICATES NEGATIVE NUMBERS.
R  INDICATES RECORD WAS SET OR TIED.
MM INDICATES DATA IS MISSING.
T  INDICATES TRACE AMOUNT.




$$
