000
CDUS43 KDVN 060923
CLIDBQ


CLIMATE REPORT
NATIONAL WEATHER SERVICE QUAD CITIES IA IL
422 AM CDT WED MAY 6 2015


...................................

...THE DUBUQUE IA CLIMATE SUMMARY FOR MAY 5 2015...

CLIMATE NORMAL PERIOD 1981 TO 2010
CLIMATE RECORD PERIOD 1873 TO 2015


WEATHER ITEM   OBSERVED TIME   RECORD YEAR NORMAL DEPARTURE LAST
                VALUE   (LST)  VALUE       VALUE  FROM      YEAR
                                                  NORMAL
..................................................................
TEMPERATURE (F)
 YESTERDAY
  MAXIMUM         59   1243 AM  92    1949  66     -7       62
  MINIMUM         52   1159 PM  27    1958  45      7       45
  AVERAGE         56                        55      1       54

PRECIPITATION (IN)
  YESTERDAY        0.43          1.30 1913   0.13   0.30     0.00
  MONTH TO DATE    1.21                      0.67   0.54     0.07
  SINCE MAR 1      3.91                      6.74  -2.83     7.20
  SINCE JAN 1      6.20                      9.35  -3.15     9.68

SNOWFALL (IN)
  YESTERDAY        0.0          MM      MM   0.0    0.0      0.0
  MONTH TO DATE    0.0                       0.1   -0.1      0.0
  SINCE MAR 1      4.1                       8.4   -4.3     11.6
  SINCE JUL 1     33.7                      42.0   -8.3     63.3
  SNOW DEPTH       0

DEGREE DAYS
 HEATING
  YESTERDAY        9                        10     -1       11
  MONTH TO DATE   26                        53    -27       75
  SINCE MAR 1   1381                      1481   -100     1799
  SINCE JUL 1   7229                      6874    355     8175

 COOLING
  YESTERDAY        0                         0      0        0
  MONTH TO DATE    0                         0      0        0
  SINCE MAR 1      0                         5     -5        0
  SINCE JAN 1      0                         5     -5        0
..................................................................


WIND (MPH)
  HIGHEST WIND SPEED    17   HIGHEST WIND DIRECTION     E (80)
  HIGHEST GUST SPEED    22   HIGHEST GUST DIRECTION     E (80)
  AVERAGE WIND SPEED     9.3


SKY COVER
  POSSIBLE SUNSHINE  MM
  AVERAGE SKY COVER 1.0


WEATHER CONDITIONS
 THE FOLLOWING WEATHER WAS RECORDED YESTERDAY.
  RAIN
  LIGHT RAIN
  FOG
  FOG W/VISIBILITY <= 1/4 MILE


RELATIVE HUMIDITY (PERCENT)
 HIGHEST   100           100 AM
 LOWEST     86           400 PM
 AVERAGE    93

..........................................................


THE DUBUQUE IA CLIMATE NORMALS FOR TODAY
                         NORMAL    RECORD    YEAR
 MAXIMUM TEMPERATURE (F)   66        95      1934
 MINIMUM TEMPERATURE (F)   45        28      1989
                                             1954


SUNRISE AND SUNSET
MAY  6 2015...........SUNRISE   552 AM CDT   SUNSET   808 PM CDT
MAY  7 2015...........SUNRISE   550 AM CDT   SUNSET   809 PM CDT


-  INDICATES NEGATIVE NUMBERS.
R  INDICATES RECORD WAS SET OR TIED.
MM INDICATES DATA IS MISSING.
T  INDICATES TRACE AMOUNT.




$$
