000
CDUS45 KBOU 060801
CLIDEN


CLIMATE REPORT
NATIONAL WEATHER SERVICE DENVER CO
200 AM MDT WED MAY 6 2015


...................................

...THE DENVER CO CLIMATE SUMMARY FOR MAY 5 2015...

CLIMATE NORMAL PERIOD 1981 TO 2010
CLIMATE RECORD PERIOD 1872 TO 2015


WEATHER ITEM   OBSERVED TIME   RECORD YEAR NORMAL DEPARTURE LAST
                VALUE   (LST)  VALUE       VALUE  FROM      YEAR
                                                  NORMAL
..................................................................
TEMPERATURE (F)
 YESTERDAY
  MAXIMUM         56   1053 AM  89    2000  67    -11       83
  MINIMUM         47    238 AM  27    1917  39      8       49
  AVERAGE         52                        53     -1       66

PRECIPITATION (IN)
  YESTERDAY        0.24          1.14 1917   0.07   0.17     0.00
  MONTH TO DATE    0.46                      0.35   0.11     0.00
  SINCE MAR 1      3.90                      2.98   0.92     2.07
  SINCE JAN 1      5.53                      3.76   1.77     3.20

SNOWFALL (IN)
  YESTERDAY        0.0
  MONTH TO DATE      0
  SINCE MAR 1      8.2
  SINCE JUL 1     53.8
  SNOW DEPTH       0


DEGREE DAYS
 HEATING
  YESTERDAY       13                        12      1        0
  MONTH TO DATE   39                        63    -24       25
  SINCE MAR 1   1131                      1355   -224     1236
  SINCE JUL 1   5244                      5794   -550     5755

 COOLING
  YESTERDAY        0                         0      0        1
  MONTH TO DATE    0                         0      0        5
  SINCE MAR 1      0                         1     -1        5
  SINCE JAN 1      0                         1     -1        5
..................................................................


WIND (MPH)
  HIGHEST WIND SPEED    21   HIGHEST WIND DIRECTION     E (100)
  HIGHEST GUST SPEED    23   HIGHEST GUST DIRECTION     E (100)
  AVERAGE WIND SPEED    11.5


SKY COVER **
  POSSIBLE SUNSHINE  MM
  AVERAGE SKY COVER 1.0


WEATHER CONDITIONS
 THE FOLLOWING WEATHER WAS RECORDED YESTERDAY.
  RAIN
  LIGHT RAIN
  FOG
  FOG W/VISIBILITY <= 1/4 MILE


RELATIVE HUMIDITY (PERCENT)
 HIGHEST   100           200 AM
 LOWEST     77          1000 AM
 AVERAGE    89

..........................................................


THE DENVER CO CLIMATE NORMALS FOR TODAY
                         NORMAL    RECORD    YEAR
 MAXIMUM TEMPERATURE (F)   68        86      1963
                                             1875
 MINIMUM TEMPERATURE (F)   39        23      1917


SUNRISE AND SUNSET
MAY  6 2015...........SUNRISE   553 AM MST   SUNSET   757 PM MST
MAY  7 2015...........SUNRISE   552 AM MST   SUNSET   758 PM MST


-  INDICATES NEGATIVE NUMBERS.
R  INDICATES RECORD WAS SET OR TIED.
MM INDICATES DATA IS MISSING.
T  INDICATES TRACE AMOUNT.

&&

** SUNSHINE DATA WILL NO LONGER BE AVAILABLE EFFECTIVE OCTOBER 1ST 2009.




$$
