000
CDUS44 KTAE 210700
CLIDHN


CLIMATE REPORT
NATIONAL WEATHER SERVICE TALLAHASSEE FL
300 AM EDT TUE APR 21 2015


...................................

...THE DOTHAN CLIMATE SUMMARY FOR APRIL 20 2015...

CLIMATE NORMAL PERIOD 1981 TO 2010
CLIMATE RECORD PERIOD 1965 TO 2015


WEATHER ITEM   OBSERVED TIME   NORMAL DEPARTURE LAST
                VALUE   (LST)  VALUE  FROM      YEAR
                                      NORMAL
......................................................
TEMPERATURE (F)
 YESTERDAY
  MAXIMUM         77    439 PM  79     -2       68
  MINIMUM         61   1159 PM  54      7       53
  AVERAGE         69            67      2       61

PRECIPITATION (IN)
  YESTERDAY        0.00          0.13  -0.13     0.00
  MONTH TO DATE    6.65          2.64   4.01     8.42
  SINCE MAR 1     10.96          8.52   2.44    13.72
  SINCE JAN 1     17.63         17.92  -0.29    21.45

SNOWFALL (IN)
  YESTERDAY        0.0

DEGREE DAYS
 HEATING
  YESTERDAY        0             2     -2        4
  MONTH TO DATE    4            60    -56       71
  SINCE MAR 1    132           271   -139      337
  SINCE JUL 1   1819          1830    -11     2002

 COOLING
  YESTERDAY        4             3      1        0
  MONTH TO DATE  121            44     77       30
  SINCE MAR 1    200            65    135       32
  SINCE JAN 1    204            75    129       41
......................................................


WIND (MPH)
  HIGHEST WIND SPEED    22   HIGHEST WIND DIRECTION     S (190)
  HIGHEST GUST SPEED    27   HIGHEST GUST DIRECTION     S (190)
  AVERAGE WIND SPEED    10.0








-  INDICATES NEGATIVE NUMBERS.
R  INDICATES RECORD WAS SET OR TIED.
MM INDICATES DATA IS MISSING.
T  INDICATES TRACE AMOUNT.




$$
