000
CDUS43 KDLH 260653
CLIDLH


CLIMATE REPORT
NATIONAL WEATHER SERVICE DULUTH MN
152 AM CDT SUN APR 26 2015


...................................

...THE DULUTH MN CLIMATE SUMMARY FOR APRIL 25 2015...

CLIMATE NORMAL PERIOD 1981 TO 2010
CLIMATE RECORD PERIOD 1870 TO 2015


WEATHER ITEM   OBSERVED TIME   RECORD YEAR NORMAL DEPARTURE LAST
                VALUE   (LST)  VALUE       VALUE  FROM      YEAR
                                                  NORMAL
..................................................................
TEMPERATURE (F)
 YESTERDAY
  MAXIMUM         50    126 PM  81    1990  54     -4       43
  MINIMUM         32   1114 PM  12    1972  34     -2       30
  AVERAGE         41                        44     -3       37

PRECIPITATION (IN)
  YESTERDAY        0.00          0.83 1990   0.10  -0.10     0.06
                                      1953
  MONTH TO DATE    1.03                      1.94  -0.91     2.40
  SINCE MAR 1      1.82                      3.43  -1.61     4.31
  SINCE JAN 1      2.66                      5.20  -2.54     7.16

SNOWFALL (IN)
  YESTERDAY        0.0           6.8  1950   0.1   -0.1      0.6
  MONTH TO DATE    1.2                       6.3   -5.1     25.5
  SINCE MAR 1      9.3                      19.5  -10.2     46.4
  SINCE JUL 1     49.2                      85.1  -35.9    130.2
  SNOW DEPTH       0

DEGREE DAYS
 HEATING
  YESTERDAY       24                        21      3       28
  MONTH TO DATE  586                       664    -78      746
  SINCE MAR 1   1645                      1874   -229     2185
  SINCE JUL 1   8484                      8741   -257     9626

 COOLING
  YESTERDAY        0                         0      0        0
  MONTH TO DATE    0                         0      0        0
  SINCE MAR 1      0                         0      0        0
  SINCE JAN 1      0                         0      0        0
..................................................................


WIND (MPH)
  HIGHEST WIND SPEED    22   HIGHEST WIND DIRECTION     E (70)
  HIGHEST GUST SPEED    26   HIGHEST GUST DIRECTION     E (80)
  AVERAGE WIND SPEED    12.4


SKY COVER
  AVERAGE SKY COVER 0.6


WEATHER CONDITIONS
 THE FOLLOWING WEATHER WAS RECORDED YESTERDAY.
  NO SIGNIFICANT WEATHER WAS OBSERVED.


RELATIVE HUMIDITY (PERCENT)
 HIGHEST    69           500 AM
 LOWEST     19           500 PM
 AVERAGE    44

..........................................................


THE DULUTH MN CLIMATE NORMALS FOR TODAY
                         NORMAL    RECORD    YEAR
 MAXIMUM TEMPERATURE (F)   55        79      1952
 MINIMUM TEMPERATURE (F)   34        20      1996
                                             1950


SUNRISE AND SUNSET
APRIL 26 2015.........SUNRISE   602 AM CDT   SUNSET   812 PM CDT
APRIL 27 2015.........SUNRISE   600 AM CDT   SUNSET   813 PM CDT


-  INDICATES NEGATIVE NUMBERS.
R  INDICATES RECORD WAS SET OR TIED.
MM INDICATES DATA IS MISSING.
T  INDICATES TRACE AMOUNT.




$$
