000
CDUS43 KEAX 280649
CLIDMO


CLIMATE REPORT
NATIONAL WEATHER SERVICE KANSAS CITY/PLEASANT HILL MO
148 AM CDT TUE APR 28 2015


...................................

...THE SEDALIA MO CLIMATE SUMMARY FOR APRIL 27 2015...

CLIMATE NORMAL PERIOD 1981 TO 2010
CLIMATE RECORD PERIOD 9999 TO 9999


WEATHER ITEM   OBSERVED TIME   NORMAL DEPARTURE LAST
                VALUE   (LST)  VALUE  FROM      YEAR
                                      NORMAL
......................................................
TEMPERATURE (F)
 YESTERDAY
  MAXIMUM         69    327 PM  71     -2       78
  MINIMUM         43    625 AM  50     -7       60
  AVERAGE         56            60     -4       69

PRECIPITATION (IN)
  YESTERDAY        0.00          0.19  -0.19     0.64
  MONTH TO DATE    3.82          3.66   0.16     6.73
  SINCE MAR 1      4.95          6.27  -1.32     7.66
  SINCE JAN 1      7.03          9.87  -2.84     8.60

DEGREE DAYS
 HEATING
  YESTERDAY        9             6      3        0
  MONTH TO DATE  175           263    -88      252
  SINCE MAR 1    715           848   -133      946
  SINCE JUL 1   4563          4465     98     5165

 COOLING
  YESTERDAY        0             1     -1        4
  MONTH TO DATE   16            26    -10       14
  SINCE MAR 1     17            29    -12       14
  SINCE JAN 1     17            29    -12       14
......................................................


WIND (MPH)
  HIGHEST WIND SPEED    22   HIGHEST WIND DIRECTION     N (20)
  HIGHEST GUST SPEED    27   HIGHEST GUST DIRECTION     N (20)
  AVERAGE WIND SPEED     6.9


SKY COVER
  AVERAGE SKY COVER 0.0


WEATHER CONDITIONS
 THE FOLLOWING WEATHER WAS RECORDED YESTERDAY.
  NO SIGNIFICANT WEATHER WAS OBSERVED.


RELATIVE HUMIDITY (PERCENT)
 HIGHEST    71           700 AM
 LOWEST     30           300 PM
 AVERAGE    51

..........................................................


THE SEDALIA MO CLIMATE NORMALS FOR TODAY
                         NORMAL
 MAXIMUM TEMPERATURE (F)   71
 MINIMUM TEMPERATURE (F)   50


SUNRISE AND SUNSET
APRIL 28 2015.........SUNRISE   619 AM CDT   SUNSET   802 PM CDT
APRIL 29 2015.........SUNRISE   618 AM CDT   SUNSET   802 PM CDT


-  INDICATES NEGATIVE NUMBERS.
R  INDICATES RECORD WAS SET OR TIED.
MM INDICATES DATA IS MISSING.
T  INDICATES TRACE AMOUNT.




$$
