000
CDUS43 KDVN 040915
CLIDVN


CLIMATE REPORT
NATIONAL WEATHER SERVICE QUAD CITIES IA IL
413 AM CDT MON MAY 4 2015


...................................

...THE DAVENPORT IA CLIMATE SUMMARY FOR MAY 3 2015...

CLIMATE NORMAL PERIOD 1981 TO 2010
CLIMATE RECORD PERIOD 9999 TO 9999


WEATHER ITEM   OBSERVED TIME   RECORD YEAR NORMAL DEPARTURE LAST
                VALUE   (LST)  VALUE       VALUE  FROM      YEAR
                                                  NORMAL
..................................................................
TEMPERATURE (F)
 YESTERDAY
  MAXIMUM         83    428 PM  MM      MM  68     15       71
  MINIMUM         59    805 AM  MM      MM  45     14       40
  AVERAGE         71                        56     15       56

PRECIPITATION (IN)
  YESTERDAY        0.22         MM      MM   0.13   0.09     0.00
  MONTH TO DATE    0.22                      0.36  -0.14     0.03
  SINCE MAR 1      2.97                      6.39  -3.42     5.13
  SINCE JAN 1      5.54                      8.92  -3.38     7.92

SNOWFALL (IN)
  YESTERDAY        0.0          MM      MM  MM     MM        0.0
  MONTH TO DATE    0.0                      MM     MM        0.0
  SINCE MAR 1      0.3                      MM     MM        7.4
  SINCE JUL 1     32.5                      MM     MM       50.2
  SNOW DEPTH       0

DEGREE DAYS
 HEATING
  YESTERDAY        0                         9     -9        9
  MONTH TO DATE   16                        28    -12       41
  SINCE MAR 1   1306                      1307     -1     1557
  SINCE JUL 1   6802                      6332    470     7420

 COOLING
  YESTERDAY        6                         1      5        0
  MONTH TO DATE    6                         2      4        0
  SINCE MAR 1      7                         8     -1        6
  SINCE JAN 1      7                         8     -1        6
..................................................................


WIND (MPH)
  HIGHEST WIND SPEED    32   HIGHEST WIND DIRECTION     N (350)
  HIGHEST GUST SPEED    42   HIGHEST GUST DIRECTION     N (350)
  AVERAGE WIND SPEED    11.5


SKY COVER
  POSSIBLE SUNSHINE  MM
  AVERAGE SKY COVER 0.6


WEATHER CONDITIONS
 THE FOLLOWING WEATHER WAS RECORDED YESTERDAY.
  THUNDERSTORM
  HEAVY RAIN
  LIGHT RAIN


RELATIVE HUMIDITY (PERCENT)
 HIGHEST    73           200 PM
 LOWEST     39           500 PM
 AVERAGE    56

..........................................................


THE DAVENPORT IA CLIMATE NORMALS FOR TODAY
                         NORMAL    RECORD    YEAR
 MAXIMUM TEMPERATURE (F)   68        MM        MM
 MINIMUM TEMPERATURE (F)   45        MM        MM


SUNRISE AND SUNSET
MAY  4 2015...........SUNRISE   556 AM CDT   SUNSET   803 PM CDT
MAY  5 2015...........SUNRISE   554 AM CDT   SUNSET   804 PM CDT


-  INDICATES NEGATIVE NUMBERS.
R  INDICATES RECORD WAS SET OR TIED.
MM INDICATES DATA IS MISSING.
T  INDICATES TRACE AMOUNT.




$$
