000
CDUS42 KAKQ 210533
CLIECG


CLIMATE REPORT
NATIONAL WEATHER SERVICE WAKEFIELD, VA
130 AM EDT TUE APR 21 2015


...................................

...THE ELIZABETH CITY NC CLIMATE SUMMARY FOR APRIL 20 2015...

CLIMATE NORMAL PERIOD 1981 TO 2010
CLIMATE RECORD PERIOD 1934 TO 2015


WEATHER ITEM   OBSERVED TIME   RECORD YEAR NORMAL DEPARTURE LAST
                VALUE   (LST)  VALUE       VALUE  FROM      YEAR
                                                  NORMAL
..................................................................
TEMPERATURE (F)
 YESTERDAY
  MAXIMUM         78    242 PM  93    1985  71      7       54
  MINIMUM         65    450 AM  33    1953  49     16       48
  AVERAGE         72                        60     12       51

PRECIPITATION (IN)
  YESTERDAY        1.14          4.65 1991   0.10   1.04     0.17
  MONTH TO DATE    3.58                      2.15   1.43     2.43
  SINCE MAR 1      6.55                      6.13   0.42     4.84
  SINCE JAN 1     13.35                     12.57   0.78     8.98

SNOWFALL (IN)
  YESTERDAY        0.0           0.0  2002  MM     MM
  MONTH TO DATE    0.0                      MM     MM
  SINCE NOV 1      T                        MM     MM
  SINCE JUL 1      T                        MM     MM
  SNOW DEPTH       0

DEGREE DAYS
 HEATING
  YESTERDAY        0                         6     -6       14
  MONTH TO DATE  107                       170    -63      139
  SINCE MAR 1    589                       635    -46      687
  SINCE JUL 1   3123                      3107     16     3262

 COOLING
  YESTERDAY        7                         1      6        0
  MONTH TO DATE   28                        20      8       22
  SINCE MAR 1     33                        25      8       22
  SINCE JAN 1     35                        27      8       22
..................................................................


WIND (MPH)
  HIGHEST WIND SPEED    28   HIGHEST WIND DIRECTION    SW (230)
  HIGHEST GUST SPEED    39   HIGHEST GUST DIRECTION    SW (220)
  AVERAGE WIND SPEED    12.0


SKY COVER
  POSSIBLE SUNSHINE  MM
  AVERAGE SKY COVER 0.5


WEATHER CONDITIONS
 THE FOLLOWING WEATHER WAS RECORDED YESTERDAY.
  HEAVY RAIN
  RAIN
  LIGHT RAIN
  FOG


RELATIVE HUMIDITY (PERCENT)
 HIGHEST    93           200 AM
 LOWEST     60           300 PM
 AVERAGE    77

..........................................................


THE ELIZABETH CITY NC CLIMATE NORMALS FOR TODAY
                         NORMAL    RECORD    YEAR
 MAXIMUM TEMPERATURE (F)   71        94      1985
 MINIMUM TEMPERATURE (F)   49        32      1961


SUNRISE AND SUNSET
APRIL 21 2015.........SUNRISE   624 AM EDT   SUNSET   744 PM EDT
APRIL 22 2015.........SUNRISE   623 AM EDT   SUNSET   744 PM EDT


-  INDICATES NEGATIVE NUMBERS.
R  INDICATES RECORD WAS SET OR TIED.
MM INDICATES DATA IS MISSING.
T  INDICATES TRACE AMOUNT.




$$
