000
CDUS46 KEKA 061210
CLIEKA


CLIMATE REPORT
NATIONAL WEATHER SERVICE EUREKA CA
508 AM PDT WED MAY 6 2015


...................................

...THE EUREKA CA CLIMATE SUMMARY FOR MAY 5 2015...

CLIMATE NORMAL PERIOD 1981 TO 2010
CLIMATE RECORD PERIOD 1886 TO 2015


WEATHER ITEM   OBSERVED RECORD YEAR NORMAL DEPARTURE LAST
                VALUE   VALUE       VALUE  FROM      YEAR
                                           NORMAL
...........................................................
TEMPERATURE (F)
 YESTERDAY
  MAXIMUM         57     70    1902  59     -2       59
  MINIMUM         48     39    2012  46      2       51
                               1999
  AVERAGE         53                 53      0       55

PRECIPITATION (IN)
  YESTERDAY        0.00   1.37 1889   0.07  -0.07     0.25
  MONTH TO DATE    T                  0.37  -0.37     0.29
  SINCE OCT 1     30.56              37.09  -6.53    17.25
  SINCE JAN 1     12.18              21.12  -8.94    15.35

SNOWFALL (IN)
  YESTERDAY        0.0    0.0  2002   0.0    0.0      0.0
                               2001
  MONTH TO DATE    0.0                0.0    0.0      0.0
  SINCE MAR 1      T                  T      0.0      0.0
  SINCE JUL 1      T                  0.2   -0.2       T
  SNOW DEPTH       0

DEGREE DAYS
 HEATING
  YESTERDAY       12                 12      0       10
  MONTH TO DATE   66                 63      3       37
  SINCE MAR 1    886                962    -76      826
  SINCE JUL 1   3041               3884   -843     3917

 COOLING
  YESTERDAY        0                  0      0        0
  MONTH TO DATE    0                  0      0        0
  SINCE MAR 1      0                  0      0        0
  SINCE JAN 1      0                  0      0        0
...........................................................


WIND (MPH)
  HIGHEST WIND SPEED    16   HIGHEST WIND DIRECTION     N (360)
  HIGHEST GUST SPEED    24   HIGHEST GUST DIRECTION     N (350)
  AVERAGE WIND SPEED     8.5


SKY COVER
  AVERAGE SKY COVER 0.3


WEATHER CONDITIONS
 THE FOLLOWING WEATHER WAS RECORDED YESTERDAY.
  NO SIGNIFICANT WEATHER WAS OBSERVED.


..........................................................


THE EUREKA CA CLIMATE NORMALS FOR TODAY
                         NORMAL    RECORD    YEAR
 MAXIMUM TEMPERATURE (F)   59        78      1949
 MINIMUM TEMPERATURE (F)   46        35      2010


SUNRISE AND SUNSET
MAY  6 2015...........SUNRISE   609 AM PDT   SUNSET   818 PM PDT
MAY  7 2015...........SUNRISE   608 AM PDT   SUNSET   819 PM PDT


-  INDICATES NEGATIVE NUMBERS.
R  INDICATES RECORD WAS SET OR TIED.
MM INDICATES DATA IS MISSING.
T  INDICATES TRACE AMOUNT.




&&

..........................................................

TOTAL SEASON     NORMAL   % OF NORMAL     LAST SEASON

    30.56         37.09        82            17.25


$$
