000
CDUS43 KTOP 210634
CLIEMP


CLIMATE REPORT
NATIONAL WEATHER SERVICE TOPEKA KS
132 AM CDT TUE APR 21 2015


...................................

...THE EMPORIA KS CLIMATE SUMMARY FOR APRIL 20 2015...

CLIMATE NORMAL PERIOD 1981 TO 2010
CLIMATE RECORD PERIOD 9999 TO 9999


WEATHER ITEM   OBSERVED NORMAL DEPARTURE LAST
                VALUE   VALUE  FROM      YEAR
                               NORMAL
...............................................
TEMPERATURE (F)
 YESTERDAY
  MAXIMUM         61     69     -8       78
  MINIMUM         41     45     -4       55
  AVERAGE         51     57     -6       67

PRECIPITATION (IN)
  YESTERDAY        0.00   0.13  -0.13      T
  MONTH TO DATE    3.74   1.91   1.83     0.51
  SINCE MAR 1      4.32   4.44  -0.12     0.92
  SINCE JAN 1      5.72   6.30  -0.58     1.41

DEGREE DAYS
 HEATING
  YESTERDAY       14      9      5        0
  MONTH TO DATE  146    229    -83      255
  SINCE MAR 1    677    839   -162      994
  SINCE JUL 1   4678   4661     17     5319

 COOLING
  YESTERDAY        0      1     -1        2
  MONTH TO DATE    5     14     -9        7
  SINCE MAR 1      6     16    -10        7
  SINCE JAN 1      6     16    -10        7
...............................................


WIND (MPH)
  HIGHEST WIND SPEED    28   HIGHEST WIND DIRECTION    NW (320)
  HIGHEST GUST SPEED    38   HIGHEST GUST DIRECTION    NW (320)
  AVERAGE WIND SPEED    13.2


SKY COVER
  AVERAGE SKY COVER 0.2


WEATHER CONDITIONS
 THE FOLLOWING WEATHER WAS RECORDED YESTERDAY.
  NO SIGNIFICANT WEATHER WAS OBSERVED.


RELATIVE HUMIDITY (PERCENT)
 HIGHEST    73
 LOWEST     28
 AVERAGE    51

..........................................................


THE EMPORIA KS CLIMATE NORMALS FOR TODAY
                         NORMAL
 MAXIMUM TEMPERATURE (F)   69
 MINIMUM TEMPERATURE (F)   46


SUNRISE AND SUNSET
APRIL 21 2015.........SUNRISE   641 AM CDT   SUNSET   807 PM CDT
APRIL 22 2015.........SUNRISE   640 AM CDT   SUNSET   808 PM CDT


-  INDICATES NEGATIVE NUMBERS.
R  INDICATES RECORD WAS SET OR TIED.
MM INDICATES DATA IS MISSING.
T  INDICATES TRACE AMOUNT.

$$
