000
CDUS43 KIND 180531
CLIEYE


CLIMATE REPORT
NATIONAL WEATHER SERVICE INDIANAPOLIS IN
130 AM EDT SAT APR 18 2015


...................................

...THE INDIANAPOLIS EAGLE CREEK IN CLIMATE SUMMARY FOR APRIL 17 2015...

CLIMATE NORMAL PERIOD 1981 TO 2010
CLIMATE RECORD PERIOD 9999 TO 9999


WEATHER ITEM   OBSERVED TIME   NORMAL DEPARTURE LAST
                VALUE   (LST)  VALUE  FROM      YEAR
                                      NORMAL
......................................................
TEMPERATURE (F)
 YESTERDAY
  MAXIMUM         75    546 PM  63     12       64
  MINIMUM         46    614 AM  44      2       35
  AVERAGE         61            54      7       50

PRECIPITATION (IN)
  YESTERDAY        0.00          0.12  -0.12     0.00
  MONTH TO DATE    2.91          1.97   0.94     4.53
  SINCE MAR 1      5.98          5.27   0.71     5.51
  SINCE JAN 1      8.46          9.61  -1.15     9.89

DEGREE DAYS
 HEATING
  YESTERDAY        4            12     -8       15
  MONTH TO DATE  152           243    -91      254
  SINCE MAR 1    969           943     26     1151
  SINCE JUL 1   5655          5068    587     5977

 COOLING
  YESTERDAY        0             1     -1        0
  MONTH TO DATE    4             7     -3        5
  SINCE MAR 1      4             8     -4        5
  SINCE JAN 1      4             8     -4        5
......................................................


WIND (MPH)
  HIGHEST WIND SPEED     8   HIGHEST WIND DIRECTION     N (340)
  HIGHEST GUST SPEED    13   HIGHEST GUST DIRECTION     E (90)
  AVERAGE WIND SPEED     2.0


SKY COVER
  AVERAGE SKY COVER 0.3


WEATHER CONDITIONS
 THE FOLLOWING WEATHER WAS RECORDED YESTERDAY.
  FOG
  FOG W/VISIBILITY <= 1/4 MILE


RELATIVE HUMIDITY (PERCENT)
 HIGHEST   100           200 AM
 LOWEST     29           300 PM
 AVERAGE    65

..........................................................


THE INDIANAPOLIS EAGLE CREEK IN CLIMATE NORMALS FOR TODAY
                         NORMAL
 MAXIMUM TEMPERATURE (F)   64
 MINIMUM TEMPERATURE (F)   44


SUNRISE AND SUNSET
APRIL 18 2015.........SUNRISE   704 AM EDT   SUNSET   826 PM EDT
APRIL 19 2015.........SUNRISE   702 AM EDT   SUNSET   827 PM EDT


-  INDICATES NEGATIVE NUMBERS.
R  INDICATES RECORD WAS SET OR TIED.
MM INDICATES DATA IS MISSING.
T  INDICATES TRACE AMOUNT.




$$
