000
CDAK49 PAFG 190934
CLIFAI

CLIMATE REPORT
NATIONAL WEATHER SERVICE FAIRBANKS AK
134 AM AKDT SUN APR 19 2015

...................................

...THE FAIRBANKS AK CLIMATE SUMMARY FOR APRIL 18 2015...

CLIMATE NORMAL PERIOD 1981 TO 2010
CLIMATE RECORD PERIOD 1904 TO 2015


WEATHER ITEM   OBSERVED TIME   RECORD YEAR NORMAL DEPARTURE LAST
                VALUE   (LST)  VALUE       VALUE  FROM      YEAR
                                                  NORMAL
..................................................................
TEMPERATURE (F)
 YESTERDAY
  MAXIMUM         54    600 PM  68    1999  46      8       54
  MINIMUM         29    306 AM -18    1948  23      6       31
  AVERAGE         42                        35      7       43

PRECIPITATION (IN)
  YESTERDAY        0.00          0.20 1966   0.01  -0.01      T
  MONTH TO DATE    0.16                      0.15   0.01     0.20
  SINCE MAR 1      0.65                      0.40   0.25     0.41
  SINCE JAN 1      1.28                      1.40  -0.12     1.03

SNOWFALL (IN)
  YESTERDAY        0.0           3.0  2005   0.1   -0.1      0.0
  MONTH TO DATE    2.1                       2.0    0.1      2.9
  SINCE MAR 1     10.2                       6.9    3.3      6.0
  SINCE JUL 1     43.8                      63.2  -19.4     48.9
  SNOW DEPTH       5

DEGREE DAYS
 HEATING
  YESTERDAY       23                        30     -7       22
  MONTH TO DATE  573                       662    -89      686
  SINCE MAR 1   2100                      2322   -222     2262
  SINCE JUL 1  11567                     12712  -1145    11654

 COOLING
  YESTERDAY        0                         0      0        0
  MONTH TO DATE    0                         0      0        0
  SINCE MAR 1      0                         0      0        0
  SINCE JAN 1      0                         0      0        0
..................................................................


WIND (MPH)
  HIGHEST GUST SPEED    22   HIGHEST GUST DIRECTION     E (90)


SKY COVER
  AVERAGE SKY COVER 0.7


WEATHER CONDITIONS
 THE FOLLOWING WEATHER WAS RECORDED YESTERDAY.
  NO SIGNIFICANT WEATHER WAS OBSERVED.


RELATIVE HUMIDITY (PERCENT)
 HIGHEST    63
 LOWEST     29
 AVERAGE    46

..........................................................


THE FAIRBANKS AK CLIMATE NORMALS FOR TODAY
                         NORMAL    RECORD    YEAR
 MAXIMUM TEMPERATURE (F)   47        66      2010
                                             1999
 MINIMUM TEMPERATURE (F)   24        -7      1959


SUNRISE AND SUNSET
APRIL 19 2015..........SUNRISE  603 AM AKDT   SUNSET  942 PM AKDT
APRIL 20 2015..........SUNRISE  559 AM AKDT   SUNSET  945 PM AKDT


-  INDICATES NEGATIVE NUMBERS.
R  INDICATES RECORD WAS SET OR TIED.
MM INDICATES DATA IS MISSING.
T  INDICATES TRACE AMOUNT.

&&

SNOW DEPTH IS MEASURED AT 3AM AKST/4AM AKDT

----------------------------
AVAILABLE DAYLIGHT

AMOUNT OF DAYLIGHT TODAY  (HOUR:MIN)........15:39
GAIN SINCE YESTERDAY........................7 MINUTES
----------------------------

$$
CCC APR 15
