000
CDUS46 KHNX 250821
CLIFAT


CLIMATE REPORT
NATIONAL WEATHER SERVICE SAN JOAQUIN VALLEY, CA
120 AM PDT SAT APR 25 2015


...................................

...THE FRESNO CA CLIMATE SUMMARY FOR APRIL 24 2015...

CLIMATE NORMAL PERIOD 1981 TO 2010
CLIMATE RECORD PERIOD 1887 TO 2015


WEATHER ITEM   OBSERVED TIME   RECORD YEAR NORMAL DEPARTURE
                VALUE   (LST)  VALUE       VALUE  FROM
                                                  NORMAL
...............................................................
TEMPERATURE (F)
 YESTERDAY
  MAXIMUM         74    400 PM 101    1910  77     -3
  MINIMUM         56    620 AM  36    1958  51      5
  AVERAGE         65                        64      1

PRECIPITATION (IN)
  YESTERDAY        0.00          1.60 1896   0.03  -0.03
  MONTH TO DATE    0.56                      0.80  -0.24
  SINCE OCT 1      5.15                     10.52  -5.37
  SINCE JAN 1      1.96                      7.05  -5.09

SNOWFALL (IN)
  YESTERDAY        0.0
  MONTH TO DATE    0.0
  SINCE MAR 1      0.0
  SINCE JUL 1      0.0
  SNOW DEPTH       0

DEGREE DAYS
 HEATING
  YESTERDAY        0                               -3
  MONTH TO DATE   77                              -45
  SINCE MAR 1    160                             -227
  SINCE JUL 1   1486                             -813

 COOLING
  YESTERDAY        0                               -2
  MONTH TO DATE   34                                3
  SINCE MAR 1     92                               56
  SINCE JAN 1     92                               56
...............................................................


WIND (MPH)
  HIGHEST WIND SPEED    18   HIGHEST WIND DIRECTION    NW (310)
  HIGHEST GUST SPEED    24   HIGHEST GUST DIRECTION    NW (300)
  AVERAGE WIND SPEED    10.7




RELATIVE HUMIDITY (PERCENT)
 HIGHEST    72
 LOWEST     22
 AVERAGE    47

..........................................................


THE FRESNO CA CLIMATE NORMALS FOR TODAY
                         NORMAL    RECORD    YEAR
 MAXIMUM TEMPERATURE (F)   78       101      1898
 MINIMUM TEMPERATURE (F)   51        36      1964


SUNRISE AND SUNSET
APRIL 25 2015.........SUNRISE   612 AM PDT   SUNSET   742 PM PDT
APRIL 26 2015.........SUNRISE   611 AM PDT   SUNSET   743 PM PDT


-  INDICATES NEGATIVE NUMBERS.
R  INDICATES RECORD WAS SET OR TIED.
MM INDICATES DATA IS MISSING.
T  INDICATES TRACE AMOUNT.




$$
