000
CDUS42 KFFC 272036
CLIFFC


CLIMATE REPORT
NATIONAL WEATHER SERVICE PEACHTREE CITY GA
436 PM EDT MON APR 27 2015


...................................

...THE PEACHTREE CITY CLIMATE SUMMARY FOR APRIL 27 2015...
VALID TODAY AS OF 0400 PM LOCAL TIME.

CLIMATE NORMAL PERIOD 1981 TO 2010
CLIMATE RECORD PERIOD 9999 TO 9999


WEATHER ITEM   OBSERVED TIME   RECORD YEAR NORMAL DEPARTURE LAST
                VALUE   (LST)  VALUE       VALUE  FROM      YEAR
                                                  NORMAL
..................................................................
TEMPERATURE (F)
 TODAY
  MAXIMUM         71    314 PM  MM      MM  77     -6       84
  MINIMUM         50    615 AM  MM      MM  50      0       52
  AVERAGE         61                        64     -3       68

PRECIPITATION (IN)
  TODAY            0.00         MM      MM   0.12  -0.12     0.01
  MONTH TO DATE    6.01                      3.60   2.41     4.73
  SINCE MAR 1      9.74                      8.71   1.03     8.78

SNOWFALL (IN)
  TODAY           MM            MM      MM  MM     MM       MM
  MONTH TO DATE    0.0                      MM     MM        0.0
  SINCE MAR 1      0.0                      MM     MM        0.0
  SINCE JUL 1      T                        MM     MM        1.8

DEGREE DAYS
 HEATING
  TODAY            4                         3      1        0
  MONTH TO DATE   62                       157    -95      138
  SINCE MAR 1    329                       527   -198      554
  SINCE JUL 1   2847                      2909    -62     3084

 COOLING
  TODAY            0                         2     -2        3
  MONTH TO DATE   74                        25     49       15
  SINCE MAR 1     79                        30     49       15
  SINCE JAN 1     79                        30     49       15
..................................................................


WIND (MPH)
  RESULTANT WIND SPEED   5   RESULTANT WIND DIRECTION  NW (330)
  HIGHEST WIND SPEED    14   HIGHEST WIND DIRECTION    NW (330)
  HIGHEST GUST SPEED    19   HIGHEST GUST DIRECTION    NW (330)
  AVERAGE WIND SPEED     6.3


SKY COVER
  POSSIBLE SUNSHINE  MM
  AVERAGE SKY COVER 0.1


WEATHER CONDITIONS
 THE FOLLOWING WEATHER WAS RECORDED TODAY.
  NO SIGNIFICANT WEATHER WAS OBSERVED.


RELATIVE HUMIDITY (PERCENT)
 HIGHEST    89           500 AM
 LOWEST     29           300 PM
 AVERAGE    59

..........................................................


THE PEACHTREE CITY CLIMATE NORMALS FOR TOMORROW
                         NORMAL    RECORD    YEAR
 MAXIMUM TEMPERATURE (F)   77        MM        MM
 MINIMUM TEMPERATURE (F)   51        MM        MM


SUNRISE AND SUNSET
APRIL 27 2015.........SUNRISE   655 AM EDT   SUNSET   818 PM EDT
APRIL 28 2015.........SUNRISE   654 AM EDT   SUNSET   818 PM EDT


-  INDICATES NEGATIVE NUMBERS.
R  INDICATES RECORD WAS SET OR TIED.
MM INDICATES DATA IS MISSING.
T  INDICATES TRACE AMOUNT.




$$
