000
CDUS43 KFGF 050635
CLIFGF


CLIMATE REPORT
NATIONAL WEATHER SERVICE EASTERN NORTH DAKOTA/GRAND FORKS
134 AM CDT TUE MAY 5 2015


...................................

...THE GRAND FORKS UNIV. (NWS) ND CLIMATE SUMMARY FOR MAY 4 2015...

CLIMATE NORMAL PERIOD 1981 TO 2010
CLIMATE RECORD PERIOD 1890 TO 2015


WEATHER ITEM   OBSERVED TIME   RECORD YEAR NORMAL DEPARTURE LAST
                VALUE   (LST)  VALUE       VALUE  FROM      YEAR
                                                  NORMAL
..................................................................
TEMPERATURE (F)
 YESTERDAY
  MAXIMUM         69        MM  94    1985  64      5       48
  MINIMUM         35        MM  21    1921  39     -4       27
  AVERAGE         52                        52      0       38

PRECIPITATION (IN)
  YESTERDAY        0.00          1.40 1905   0.07  -0.07     0.18
  MONTH TO DATE    0.04                      0.25  -0.21     0.20
  SINCE MAR 1      1.06                      2.25  -1.19     3.95
  SINCE JAN 1      1.59                      3.55  -1.96     4.68

SNOWFALL (IN)
  YESTERDAY        0.0           1.0  1944   0.0    0.0      0.0
  MONTH TO DATE    0.0                       0.0    0.0      0.0
  SINCE MAR 1      3.0                       8.0   -5.0     14.6
  SINCE JUL 1     19.3                      43.3  -24.0     60.3
  SNOW DEPTH       0

DEGREE DAYS
 HEATING
  YESTERDAY       13                        14     -1       27
  MONTH TO DATE   25                        57    -32       85
  SINCE MAR 1   1629                      1912   -283     2336
  SINCE JUL 1   8478                      8872   -394    10082

 COOLING
  YESTERDAY        0                         0      0        0
  MONTH TO DATE    2                         0      2        0
  SINCE MAR 1      2                         3     -1        0
  SINCE JAN 1      2                         3     -1        0
..................................................................


WIND (MPH)
  RESULTANT WIND SPEED  MM   RESULTANT WIND DIRECTION  MM
  HIGHEST WIND SPEED    MM   HIGHEST WIND DIRECTION    MM
  HIGHEST GUST SPEED    MM   HIGHEST GUST DIRECTION    MM
  AVERAGE WIND SPEED    MM


SKY COVER
  POSSIBLE SUNSHINE  MM
  AVERAGE SKY COVER  MM


WEATHER CONDITIONS
 THE FOLLOWING WEATHER WAS RECORDED YESTERDAY.
  NO SIGNIFICANT WEATHER WAS OBSERVED.


RELATIVE HUMIDITY (PERCENT)
 HIGHEST    MM
 LOWEST     MM
 AVERAGE    MM

..........................................................


THE GRAND FORKS UNIV. (NWS) ND CLIMATE NORMALS FOR TODAY
                         NORMAL    RECORD    YEAR
 MAXIMUM TEMPERATURE (F)   65        96      1926
 MINIMUM TEMPERATURE (F)   39        20      1929


SUNRISE AND SUNSET
MAY  5 2015...........SUNRISE   604 AM CDT   SUNSET   847 PM CDT
MAY  6 2015...........SUNRISE   603 AM CDT   SUNSET   848 PM CDT


-  INDICATES NEGATIVE NUMBERS.
R  INDICATES RECORD WAS SET OR TIED.
MM INDICATES DATA IS MISSING.
T  INDICATES TRACE AMOUNT.




$$
