000
CDUS43 KFSD 012223
CLIFSD


CLIMATE REPORT
NATIONAL WEATHER SERVICE SIOUX FALLS SD
523 PM CDT WED APR 1 2015


...................................

...THE SIOUX FALLS SD CLIMATE SUMMARY FOR APRIL 1 2015...
VALID TODAY AS OF 0500 PM LOCAL TIME.

CLIMATE NORMAL PERIOD 1981 TO 2010
CLIMATE RECORD PERIOD 1893 TO 2015


WEATHER ITEM   OBSERVED TIME   RECORD YEAR NORMAL DEPARTURE LAST
                VALUE   (LST)  VALUE       VALUE  FROM      YEAR
                                                  NORMAL
..................................................................
TEMPERATURE (F)
 TODAY
  MAXIMUM         84    228 PM  89    2012  51     33       34
  MINIMUM         55    451 AM   5    1899  29     26       14
  AVERAGE         70                        40     30       24

PRECIPITATION (IN)
  TODAY            0.00          1.55 1967   0.09  -0.09      T
  MONTH TO DATE    0.00                      0.09  -0.09      T
  SINCE MAR 1      0.33                      1.85  -1.52     0.71
  SINCE JAN 1      1.55                      3.01  -1.46     1.70

SNOWFALL (IN)
  TODAY            0.0           4.4  1960   0.2   -0.2       T
  MONTH TO DATE    0.0                       0.2   -0.2       T
  SINCE MAR 1      1.7                       8.6   -6.9      7.7
  SINCE JUL 1     31.9                      40.1   -8.2     41.9
  SNOW DEPTH       0

DEGREE DAYS
 HEATING
  TODAY            0                        25    -25       41
  MONTH TO DATE    0                        25    -25       41
  SINCE MAR 1    820                      1020   -200     1142
  SINCE JUL 1   6569                      6870   -301     7489

 COOLING
  TODAY            5                         0      5        0
  MONTH TO DATE    5                         0      5        0
  SINCE MAR 1      5                         0      5        0
  SINCE JAN 1      5                         0      5        0
..................................................................


WIND (MPH)
  HIGHEST WIND SPEED    33   HIGHEST WIND DIRECTION     S (200)
  HIGHEST GUST SPEED    42   HIGHEST GUST DIRECTION     S (190)
  AVERAGE WIND SPEED    20.8


SKY COVER
  POSSIBLE SUNSHINE  MM
  AVERAGE SKY COVER 0.5


WEATHER CONDITIONS
 THE FOLLOWING WEATHER WAS RECORDED TODAY.
  NO SIGNIFICANT WEATHER WAS OBSERVED.


RELATIVE HUMIDITY (PERCENT)
 HIGHEST    41           600 AM
 LOWEST     21           300 PM
 AVERAGE    31

..........................................................


THE SIOUX FALLS SD CLIMATE NORMALS FOR TOMORROW
                         NORMAL    RECORD    YEAR
 MAXIMUM TEMPERATURE (F)   52        84      2012
 MINIMUM TEMPERATURE (F)   29         6      1899


SUNRISE AND SUNSET
APRIL  1 2015.........SUNRISE   709 AM CDT   SUNSET   753 PM CDT
APRIL  2 2015.........SUNRISE   707 AM CDT   SUNSET   755 PM CDT


-  INDICATES NEGATIVE NUMBERS.
R  INDICATES RECORD WAS SET OR TIED.
MM INDICATES DATA IS MISSING.
T  INDICATES TRACE AMOUNT.




$$
