000
CDUS44 KTSA 190900
CLIFSM

CLIMATE REPORT
NATIONAL WEATHER SERVICE TULSA OK
400 AM CDT SUN APR 19 2015


...................................

...THE FORT SMITH ARKANSAS CLIMATE SUMMARY FOR APRIL 18 2015...

CLIMATE NORMAL PERIOD 1981 TO 2010
CLIMATE RECORD PERIOD 1882 TO 2015


WEATHER ITEM   OBSERVED TIME   RECORD YEAR NORMAL DEPARTURE LAST
                VALUE   (LST)  VALUE       VALUE  FROM      YEAR
                                                  NORMAL
..................................................................
TEMPERATURE (F)
 YESTERDAY
  MAXIMUM         75    507 PM  96    2006  75      0       77
  MINIMUM         61   1150 PM  33    1999  50     11       49
  AVERAGE         68                        62      6       63

PRECIPITATION (IN)
  YESTERDAY        0.38          1.47 1959   0.15   0.23     0.00
  MONTH TO DATE    3.35                      2.43   0.92     2.01
  SINCE MAR 1      7.85                      6.28   1.57     5.86
  SINCE JAN 1     12.46                     11.85   0.61     7.63

SNOWFALL (IN)
  YESTERDAY        0.0                                       0.0
  MONTH TO DATE    0.0                                       0.0
  SINCE MAR 1      1.0                                       0.5
  SINCE JUL 1      6.6                                      10.7

DEGREE DAYS
 HEATING
  YESTERDAY        0                         5     -5        2
  MONTH TO DATE   44                       116    -72      124
  SINCE MAR 1    435                       502    -67      583
  SINCE JUL 1   3249                      3175     74     3528

 COOLING
  YESTERDAY        3                         2      1        0
  MONTH TO DATE   44                        26     18       28
  SINCE MAR 1     59                        37     22       28
  SINCE JAN 1     59                        38     21       28
..................................................................


WIND (MPH)
  HIGHEST WIND SPEED    14   HIGHEST WIND DIRECTION     E (70)
  HIGHEST GUST SPEED    17   HIGHEST GUST DIRECTION     E (100)
  AVERAGE WIND SPEED     6.3


SKY COVER
  POSSIBLE SUNSHINE  MM
  AVERAGE SKY COVER 0.5


WEATHER CONDITIONS
 THE FOLLOWING WEATHER WAS RECORDED YESTERDAY.
  THUNDERSTORM
  RAIN
  LIGHT RAIN
  FOG


RELATIVE HUMIDITY (PERCENT)
 HIGHEST    93          1100 AM
 LOWEST     64           300 PM
 AVERAGE    79

..........................................................


THE FORT SMITH ARKANSAS CLIMATE NORMALS FOR TODAY
                         NORMAL    RECORD    YEAR
 MAXIMUM TEMPERATURE (F)   75        95      1987
 MINIMUM TEMPERATURE (F)   51        33      1953


SUNRISE AND SUNSET
APRIL 19 2015.........SUNRISE   640 AM CDT   SUNSET   753 PM CDT
APRIL 20 2015.........SUNRISE   639 AM CDT   SUNSET   754 PM CDT


-  INDICATES NEGATIVE NUMBERS.
R  INDICATES RECORD WAS SET OR TIED.
MM INDICATES DATA IS MISSING.
T  INDICATES TRACE AMOUNT.




$$

&&
...........................................................

THE ARKANSAS RIVER AT VAN BUREN

                   OBSERVED      24 HOUR     24 HOUR
                    VALUE        CHANGE      FORECAST

 STAGE (FEET)
  THIS MORNING       19.8         +0.5

MEAN FLOW (CFS)
  TODAY                                        43400
...........................................................
ALL DATA MEASURED AT THE FORT SMITH REGIONAL AIRPORT
