000
CDUS42 KFFC 250819
CLIFTY


CLIMATE REPORT
NATIONAL WEATHER SERVICE PEACHTREE CITY GA
419 AM EDT SAT APR 25 2015


...................................

...THE FULTON COUNTY AIRPORT CLIMATE SUMMARY FOR APRIL 24 2015...

CLIMATE NORMAL PERIOD 1981 TO 2010
CLIMATE RECORD PERIOD 9999 TO 9999


WEATHER ITEM   OBSERVED TIME   RECORD YEAR NORMAL DEPARTURE LAST
                VALUE   (LST)  VALUE       VALUE  FROM      YEAR
                                                  NORMAL
..................................................................
TEMPERATURE (F)
 YESTERDAY
  MAXIMUM         77    414 PM  MM      MM  75      2       81
  MINIMUM         44    635 AM  MM      MM  51     -7       40
  AVERAGE         61                        63     -2       61

PRECIPITATION (IN)
  YESTERDAY        T            MM      MM   0.13  -0.13     0.00
  MONTH TO DATE    6.07                      2.97   3.10     5.61
  SINCE MAR 1      8.50                      7.78   0.72     8.63
  SINCE JAN 1     15.29                     16.95  -1.66    14.30

SNOWFALL (IN)
  YESTERDAY       MM            MM      MM  MM     MM       MM
  MONTH TO DATE    0.0                      MM     MM        0.0
  SINCE MAR 1      0.0                      MM     MM        0.0
  SINCE JUL 1      T                        MM     MM         T
  SNOW DEPTH      MM

DEGREE DAYS
 HEATING
  YESTERDAY        4                         4      0        4
  MONTH TO DATE   55                       137    -82      137
  SINCE MAR 1    330                       496   -166      549
  SINCE JUL 1   2918                      2836     82     3116

 COOLING
  YESTERDAY        0                         2     -2        0
  MONTH TO DATE   56                        23     33       12
  SINCE MAR 1     58                        29     29       12
  SINCE JAN 1     58                        29     29       12
..................................................................


WIND (MPH)
  RESULTANT WIND SPEED   1   RESULTANT WIND DIRECTION   S (160)
  HIGHEST WIND SPEED     9   HIGHEST WIND DIRECTION     S (200)
  HIGHEST GUST SPEED    12   HIGHEST GUST DIRECTION     E (90)
  AVERAGE WIND SPEED     1.5


SKY COVER
  AVERAGE SKY COVER 0.1


WEATHER CONDITIONS
 THE FOLLOWING WEATHER WAS RECORDED YESTERDAY.
  LIGHT RAIN


RELATIVE HUMIDITY (PERCENT)
 HIGHEST    71           300 AM
 LOWEST     19           300 PM
 AVERAGE    45

..........................................................


THE FULTON COUNTY AIRPORT CLIMATE NORMALS FOR TODAY
                         NORMAL    RECORD    YEAR
 MAXIMUM TEMPERATURE (F)   75        MM        MM
 MINIMUM TEMPERATURE (F)   51        MM        MM


SUNRISE AND SUNSET
APRIL 25 2015.........SUNRISE   656 AM EDT   SUNSET   817 PM EDT
APRIL 26 2015.........SUNRISE   655 AM EDT   SUNSET   817 PM EDT


-  INDICATES NEGATIVE NUMBERS.
R  INDICATES RECORD WAS SET OR TIED.
MM INDICATES DATA IS MISSING.
T  INDICATES TRACE AMOUNT.




$$
