000
CDUS46 KOTX 242339
CLIGEG


CLIMATE REPORT
NATIONAL WEATHER SERVICE SPOKANE, WA
439 PM PDT FRI APR 24 2015


...................................

...THE SPOKANE WA AIRPORT CLIMATE SUMMARY FOR APRIL 24 2015...
VALID AS OF 0400 PM LOCAL TIME.

CLIMATE NORMAL PERIOD 1981 TO 2010
CLIMATE RECORD PERIOD 1881 TO 2015


WEATHER ITEM   OBSERVED TIME   RECORD YEAR NORMAL DEPARTURE LAST
                VALUE   (LST)  VALUE       VALUE  FROM      YEAR
                                                  NORMAL
..................................................................
TEMPERATURE (F)
 TODAY
  MAXIMUM         52   1235 PM  90    1977  60     -8       57
  MINIMUM         38    648 AM  21    2002  38      0       41
  AVERAGE         45                        49     -4       49

PRECIPITATION (IN)
  TODAY            T             0.63 1975   0.04  -0.04     0.43
  MONTH TO DATE    0.51                      1.06  -0.55     1.02
  SINCE OCT 1     10.62                     11.57  -0.95     9.05
  SINCE JAN 1      5.89                      5.79   0.10     6.72

SNOWFALL (IN)
  TODAY            0.0           1.4  1957   0.0    0.0      0.0
  MONTH TO DATE    1.0                       0.9    0.1      0.0
  SINCE MAR 1      1.9                       4.4   -2.5      5.8
  SINCE JUL 1     17.6                      44.7  -27.1     37.6
  SNOW DEPTH       0

DEGREE DAYS
 HEATING
  TODAY           20                        16      4       16
  MONTH TO DATE  435                       448    -13      432
  SINCE MAR 1   1032                      1215   -183     1212
  SINCE JUL 1   5154                      6044   -890     6255

 COOLING
  TODAY            0                         0      0        0
  MONTH TO DATE    0                         0      0        0
  SINCE MAR 1      0                         0      0        0
  SINCE JAN 1      0                         0      0        0
..................................................................


WIND (MPH)
  HIGHEST WIND SPEED    22   HIGHEST WIND DIRECTION    SW (220)
  HIGHEST GUST SPEED    29   HIGHEST GUST DIRECTION    SW (220)
  AVERAGE WIND SPEED    15.0


SKY COVER
  POSSIBLE SUNSHINE  MM
  AVERAGE SKY COVER 0.7


WEATHER CONDITIONS
 THE FOLLOWING WEATHER WAS RECORDED TODAY.
  LIGHT RAIN


RELATIVE HUMIDITY (PERCENT)
 HIGHEST    82           200 AM
 LOWEST     38           200 PM
 AVERAGE    60

..........................................................


THE SPOKANE WA AIRPORT CLIMATE NORMALS FOR TOMORROW
                         NORMAL    RECORD    YEAR
 MAXIMUM TEMPERATURE (F)   60        89      1946
 MINIMUM TEMPERATURE (F)   38        21      1984


SUNRISE AND SUNSET
APRIL 24 2015.........SUNRISE   545 AM PDT   SUNSET   752 PM PDT
APRIL 25 2015.........SUNRISE   543 AM PDT   SUNSET   754 PM PDT


-  INDICATES NEGATIVE NUMBERS.
R  INDICATES RECORD WAS SET OR TIED.
MM INDICATES DATA IS MISSING.
T  INDICATES TRACE AMOUNT.




$$
