000
CDUS43 KFGF 250633
CLIGFK


CLIMATE REPORT
NATIONAL WEATHER SERVICE EASTERN NORTH DAKOTA/GRAND FORKS
132 AM CDT SAT APR 25 2015


...................................

...THE GRAND FORKS INTL AP ND CLIMATE SUMMARY FOR APRIL 24 2015...

CLIMATE NORMAL PERIOD 1981 TO 2010
CLIMATE RECORD PERIOD 1941 TO 2015


WEATHER ITEM   OBSERVED TIME   RECORD YEAR NORMAL DEPARTURE LAST
                VALUE   (LST)  VALUE       VALUE  FROM      YEAR
                                                  NORMAL
..................................................................
TEMPERATURE (F)
 YESTERDAY
  MAXIMUM         55    331 PM  85    1990  59     -4       45
  MINIMUM         39    337 AM  15    1909  33      6       38
  AVERAGE         47                        46      1       42

PRECIPITATION (IN)
  YESTERDAY        0.01          1.08 1937   0.04  -0.03     0.05
  MONTH TO DATE    0.56                      0.72  -0.16     0.94
  SINCE MAR 1      0.87                      1.68  -0.81     1.87
  SINCE JAN 1      1.69                      2.75  -1.06     2.94

SNOWFALL (IN)
  YESTERDAY        0.0           3.1  1950   0.0    0.0      0.0
  MONTH TO DATE    0.6                       2.3   -1.7      1.1
  SINCE MAR 1      2.7                       9.5   -6.8     14.6
  SINCE JUL 1     17.0                      46.7  -29.7     60.3
  SNOW DEPTH       0

DEGREE DAYS
 HEATING
  YESTERDAY       18                        19     -1       23
  MONTH TO DATE  542                       592    -50      687
  SINCE MAR 1   1589                      1827   -238     2142
  SINCE JUL 1   8506                      8977   -471    10037

 COOLING
  YESTERDAY        0                         0      0        0
  MONTH TO DATE    0                         0      0        0
  SINCE MAR 1      0                         0      0        0
  SINCE JAN 1      0                         0      0        0
..................................................................


WIND (MPH)
  HIGHEST WIND SPEED    24   HIGHEST WIND DIRECTION    SE (140)
  HIGHEST GUST SPEED    31   HIGHEST GUST DIRECTION    SE (140)
  AVERAGE WIND SPEED    12.7


SKY COVER
  POSSIBLE SUNSHINE  MM
  AVERAGE SKY COVER 0.9


WEATHER CONDITIONS
 THE FOLLOWING WEATHER WAS RECORDED YESTERDAY.
  LIGHT RAIN


RELATIVE HUMIDITY (PERCENT)
 HIGHEST    76           400 AM
 LOWEST     54           300 PM
 AVERAGE    65

..........................................................


THE GRAND FORKS INTL AP ND CLIMATE NORMALS FOR TODAY
                         NORMAL    RECORD    YEAR
 MAXIMUM TEMPERATURE (F)   60        81      1977
 MINIMUM TEMPERATURE (F)   34        18      1958
                                             1909


SUNRISE AND SUNSET
APRIL 25 2015.........SUNRISE   621 AM CDT   SUNSET   833 PM CDT
APRIL 26 2015.........SUNRISE   620 AM CDT   SUNSET   834 PM CDT


-  INDICATES NEGATIVE NUMBERS.
R  INDICATES RECORD WAS SET OR TIED.
MM INDICATES DATA IS MISSING.
T  INDICATES TRACE AMOUNT.




$$
