000
CDUS44 KSHV 030733
CLIGGG


CLIMATE REPORT
NATIONAL WEATHER SERVICE SHREVEPORT, LA
233 AM CDT SUN MAY 3 2015


...................................

...THE LONGVIEW CLIMATE SUMMARY FOR MAY 2 2015...

CLIMATE NORMAL PERIOD 1981 TO 2010
CLIMATE RECORD PERIOD 1902 TO 2015


WEATHER ITEM   OBSERVED TIME   RECORD YEAR NORMAL DEPARTURE LAST
                VALUE   (LST)  VALUE       VALUE  FROM      YEAR
                                                  NORMAL
..................................................................
TEMPERATURE (F)
 YESTERDAY
  MAXIMUM         84    222 PM  92    1938  80      4       80
  MINIMUM         56    603 AM  41    1909  58     -2       45
  AVERAGE         70                        69      1       63

PRECIPITATION (IN)
  YESTERDAY        0.00          4.42 1956   0.17  -0.17     0.00
  MONTH TO DATE    0.00                      0.34  -0.34     0.00
  SINCE DEC 1     25.54                     19.76   5.78    13.19
  SINCE JAN 1     23.24                     15.27   7.97     9.04

SNOWFALL (IN)
  YESTERDAY        0.0
  MONTH TO DATE    0.0
  SINCE MAR 1      0.2
  SINCE JUL 1      3.1
  SNOW DEPTH       0

DEGREE DAYS
 HEATING
  YESTERDAY        0                         1     -1        2
  MONTH TO DATE    0                         2     -2       10
  SINCE MAR 1    309                       347    -38      474
  SINCE JUL 1   2282                      2251     31     2598

 COOLING
  YESTERDAY        5                         5      0        0
  MONTH TO DATE   10                        10      0        0
  SINCE MAR 1    173                       121     52      105
  SINCE JAN 1    173                       133     40      110
..................................................................


WIND (MPH)
  HIGHEST WIND SPEED    12   HIGHEST WIND DIRECTION     S (160)
  HIGHEST GUST SPEED    16   HIGHEST GUST DIRECTION     S (160)
  AVERAGE WIND SPEED     4.8


SKY COVER
  POSSIBLE SUNSHINE  MM
  AVERAGE SKY COVER 0.2


WEATHER CONDITIONS
 THE FOLLOWING WEATHER WAS RECORDED YESTERDAY.
  NO SIGNIFICANT WEATHER WAS OBSERVED.


RELATIVE HUMIDITY (PERCENT)
 HIGHEST    87           200 AM
 LOWEST     37           200 PM
 AVERAGE    62

..........................................................


THE LONGVIEW CLIMATE NORMALS FOR TODAY
                         NORMAL    RECORD    YEAR
 MAXIMUM TEMPERATURE (F)   81        94      1943
 MINIMUM TEMPERATURE (F)   59        39      1921


SUNRISE AND SUNSET
MAY  3 2015...........SUNRISE   631 AM CDT   SUNSET   801 PM CDT
MAY  4 2015...........SUNRISE   630 AM CDT   SUNSET   802 PM CDT


-  INDICATES NEGATIVE NUMBERS.
R  INDICATES RECORD WAS SET OR TIED.
MM INDICATES DATA IS MISSING.
T  INDICATES TRACE AMOUNT.




$$
