000
CDUS45 KGJT 042332
CLIGJT


CLIMATE REPORT
NATIONAL WEATHER SERVICE GRAND JUNCTION CO
526 PM MDT MON MAY 4 2015


...................................

...THE GRAND JUNCTION CO CLIMATE SUMMARY FOR MAY 4 2015...
VALID TODAY AS OF 0500 PM LOCAL TIME.

CLIMATE NORMAL PERIOD 1981 TO 2010
CLIMATE RECORD PERIOD 1893 TO 2015


WEATHER ITEM   OBSERVED TIME   RECORD YEAR NORMAL DEPARTURE LAST
                VALUE   (LST)  VALUE       VALUE  FROM      YEAR
                                                  NORMAL
..................................................................
TEMPERATURE (F)
 TODAY
  MAXIMUM         71    151 PM  93    1947  72     -1       82
  MINIMUM         52    532 AM  34    1964  44      8       56
  AVERAGE         62                        58      4       69

PRECIPITATION (IN)
  TODAY            0.00          0.61 2003   0.04  -0.04     0.00
  MONTH TO DATE    T                         0.13  -0.13     0.00
  SINCE MAR 1      2.39                      1.96   0.43     0.91
  SINCE JAN 1      3.25                      3.08   0.17     2.29

SNOWFALL (IN)
  TODAY            0.0           0.0  2014   0.0    0.0      0.0
  MONTH TO DATE    0.0                       0.0    0.0      0.0
  SINCE MAR 1      3.9                       3.5    0.4       T
  SINCE JUL 1     12.5                      19.0   -6.5     25.7
  SNOW DEPTH       0

DEGREE DAYS
 HEATING
  TODAY            3                         8     -5        0
  MONTH TO DATE    4                        33    -29       32
  SINCE MAR 1    959                      1088   -129     1140
  SINCE JUL 1   4944                      5467   -523     6078

 COOLING
  TODAY            0                         1     -1        4
  MONTH TO DATE    2                         1      1        4
  SINCE MAR 1      2                         4     -2        4
  SINCE JAN 1      2                         4     -2        4
..................................................................


WIND (MPH)
  HIGHEST WIND SPEED    25   HIGHEST WIND DIRECTION    SW (210)
  HIGHEST GUST SPEED    30   HIGHEST GUST DIRECTION    SW (210)
  AVERAGE WIND SPEED     9.1


SKY COVER
  POSSIBLE SUNSHINE  MM
  AVERAGE SKY COVER 0.2


WEATHER CONDITIONS
 THE FOLLOWING WEATHER WAS RECORDED TODAY.
  THUNDERSTORM


RELATIVE HUMIDITY (PERCENT)
 HIGHEST    66           300 AM
 LOWEST     31           200 PM
 AVERAGE    49

..........................................................


THE GRAND JUNCTION CO CLIMATE NORMALS FOR TOMORROW
                         NORMAL    RECORD    YEAR
 MAXIMUM TEMPERATURE (F)   72        90      2000
 MINIMUM TEMPERATURE (F)   44        32      1991



SUNRISE AND SUNSET
MAY  4 2015...........SUNRISE   613 AM MDT   SUNSET   810 PM MDT
MAY  5 2015...........SUNRISE   612 AM MDT   SUNSET   811 PM MDT


-  INDICATES NEGATIVE NUMBERS.
R  INDICATES RECORD WAS SET OR TIED.
MM INDICATES DATA IS MISSING.
T  INDICATES TRACE AMOUNT.




$$
