000
CDUS44 KJAN 050730
CLIGWO


CLIMATE REPORT
NATIONAL WEATHER SERVICE JACKSON MS
229 AM CDT TUE MAY 5 2015


...................................

...THE GREENWOOD CLIMATE SUMMARY FOR MAY 4 2015...

CLIMATE NORMAL PERIOD 1981 TO 2010
CLIMATE RECORD PERIOD 1948 TO 2015


WEATHER ITEM   OBSERVED TIME   RECORD YEAR NORMAL DEPARTURE LAST
                VALUE   (LST)  VALUE       VALUE  FROM      YEAR
                                                  NORMAL
..................................................................
TEMPERATURE (F)
 YESTERDAY
  MAXIMUM         84    335 PM  90    1955  80      4       89
                                      1952
  MINIMUM         57    519 AM  35    2013  57      0       51
  AVERAGE         71                        69      2       70

PRECIPITATION (IN)
  YESTERDAY        0.00          2.69 1958   0.18  -0.18     0.00
  MONTH TO DATE    0.00                      0.70  -0.70     0.00
  SINCE MAR 1     11.54                     10.14   1.40    13.70
  SINCE JAN 1     20.93                     19.08   1.85    19.98

SNOWFALL (IN)
  YESTERDAY        0.0

DEGREE DAYS
 HEATING
  YESTERDAY        0                         1     -1        0
  MONTH TO DATE    5                         4      1       16
  SINCE MAR 1    339                       444   -105      599
  SINCE JUL 1   2860                      2675    185     3253

 COOLING
  YESTERDAY        6                         5      1        5
  MONTH TO DATE    8                        17     -9        5
  SINCE MAR 1    119                       114      5       68
  SINCE JAN 1    119                       119      0       68
..................................................................


WIND (MPH)
  HIGHEST WIND SPEED    16   HIGHEST WIND DIRECTION     S (200)
  HIGHEST GUST SPEED    26   HIGHEST GUST DIRECTION     S (180)
  AVERAGE WIND SPEED     7.3


SKY COVER
  POSSIBLE SUNSHINE  MM
  AVERAGE SKY COVER 0.1


WEATHER CONDITIONS
 THE FOLLOWING WEATHER WAS RECORDED YESTERDAY.
  NO SIGNIFICANT WEATHER WAS OBSERVED.


RELATIVE HUMIDITY (PERCENT)
 HIGHEST    80           500 AM
 LOWEST     37           200 PM
 AVERAGE    59

..........................................................


THE GREENWOOD CLIMATE NORMALS FOR TODAY
                         NORMAL    RECORD    YEAR
 MAXIMUM TEMPERATURE (F)   80        94      1952
 MINIMUM TEMPERATURE (F)   58        43      2011


SUNRISE AND SUNSET
MAY  5 2015...........SUNRISE   608 AM CDT   SUNSET   746 PM CDT
MAY  6 2015...........SUNRISE   607 AM CDT   SUNSET   747 PM CDT


-  INDICATES NEGATIVE NUMBERS.
R  INDICATES RECORD WAS SET OR TIED.
MM INDICATES DATA IS MISSING.
T  INDICATES TRACE AMOUNT.




$$
