000
CDUS43 KGLD 260752
CLIHLC

CLIMATE REPORT
NATIONAL WEATHER SERVICE GOODLAND
146 AM MDT SUN APR 26 2015

...................................

...THE HILL CITY KS CLIMATE SUMMARY FOR APRIL 25 2015...

CLIMATE NORMAL PERIOD 1981 TO 2010
CLIMATE RECORD PERIOD 1896 TO 2015


WEATHER ITEM   OBSERVED TIME   RECORD YEAR NORMAL DEPARTURE LAST
                VALUE   (LST)  VALUE       VALUE  FROM      YEAR
                                                  NORMAL
..................................................................
TEMPERATURE (F)
 YESTERDAY
  MAXIMUM         72    247 PM  92    1954  69      3       78
  MINIMUM         49   1159 PM  20    1907  41      8       44
  AVERAGE         61                        55      6       61

PRECIPITATION (IN)
  YESTERDAY        0.06                      0.09  -0.03     0.00
  MONTH TO DATE    3.55                      1.70   1.85     3.31
  SINCE MAR 1      3.61                      3.33   0.28     3.50
  SINCE JAN 1      4.03                      4.30  -0.27     3.96

..................................................................


THE HILL CITY KS CLIMATE NORMALS FOR TODAY
                         NORMAL    RECORD    YEAR
 MAXIMUM TEMPERATURE (F)   69        93      1955
 MINIMUM TEMPERATURE (F)   42        19      1907


-  INDICATES NEGATIVE NUMBERS.
R  INDICATES RECORD WAS SET OR TIED.
MM INDICATES DATA IS MISSING.
T  INDICATES TRACE AMOUNT.

$$
