000
CDUS42 KMHX 280530
CLIHSE


CLIMATE REPORT
NATIONAL WEATHER SERVICE NEWPORT/MOREHEAD CITY NC
130 AM EDT TUE APR 28 2015


...................................

...THE CAPE HATTERAS NC CLIMATE SUMMARY FOR APRIL 27 2015...

CLIMATE NORMAL PERIOD 1981 TO 2010
CLIMATE RECORD PERIOD 1874 TO 2015


WEATHER ITEM   OBSERVED TIME   RECORD YEAR NORMAL DEPARTURE LAST
                VALUE   (LST)  VALUE       VALUE  FROM      YEAR
                                                  NORMAL
..................................................................
TEMPERATURE (F)
 YESTERDAY
  MAXIMUM         65    348 PM  89    1990  69     -4       68
  MINIMUM         48    958 PM  33    1972  56     -8       55
  AVERAGE         57                        62     -5       62

PRECIPITATION (IN)
  YESTERDAY        0.00          2.12 1909   0.11  -0.11     0.00
  MONTH TO DATE    1.91                      3.33  -1.42     4.42
  SINCE MAR 1      4.46                      8.10  -3.64     9.90
  SINCE JAN 1     16.41                     17.36  -0.95    19.99

SNOWFALL (IN)
  YESTERDAY        0.0
  MONTH TO DATE    0.0
  SINCE NOV 1      2.0
  SINCE JUL 1      2.0
  SNOW DEPTH       0

DEGREE DAYS
 HEATING
  YESTERDAY        8                         4      4        3
  MONTH TO DATE  129                       180    -51      189
  SINCE MAR 1    549                       599    -50      692
  SINCE JUL 1   2722                      2523    199     2525

 COOLING
  YESTERDAY        0                         1     -1        0
  MONTH TO DATE   16                        18     -2       12
  SINCE MAR 1     17                        21     -4       12
  SINCE JAN 1     19                        21     -2       12
..................................................................


WIND (MPH)
  HIGHEST WIND SPEED    15   HIGHEST WIND DIRECTION    NE (50)
  HIGHEST GUST SPEED    23   HIGHEST GUST DIRECTION    NE (40)
  AVERAGE WIND SPEED     6.7


SKY COVER
  POSSIBLE SUNSHINE  MM
  AVERAGE SKY COVER 0.2


WEATHER CONDITIONS
 THE FOLLOWING WEATHER WAS RECORDED YESTERDAY.
  NO SIGNIFICANT WEATHER WAS OBSERVED.


RELATIVE HUMIDITY (PERCENT)
 HIGHEST    71          1200 AM
 LOWEST     44           300 PM
 AVERAGE    58

..........................................................


THE CAPE HATTERAS NC CLIMATE NORMALS FOR TODAY
                         NORMAL    RECORD    YEAR
 MAXIMUM TEMPERATURE (F)   69        82      1994
                                             1990
                                             1957
 MINIMUM TEMPERATURE (F)   56        42      1976


SUNRISE AND SUNSET
APRIL 28 2015.........SUNRISE   615 AM EDT   SUNSET   746 PM EDT
APRIL 29 2015.........SUNRISE   614 AM EDT   SUNSET   747 PM EDT


-  INDICATES NEGATIVE NUMBERS.
R  INDICATES RECORD WAS SET OR TIED.
MM INDICATES DATA IS MISSING.
T  INDICATES TRACE AMOUNT.




$$
