000
CDUS43 KUNR 270831
CLIIEN


CLIMATE REPORT
NATIONAL WEATHER SERVICE RAPID CITY SD
231 AM MDT MON APR 27 2015


...................................

...THE PINE RIDGE SD CLIMATE SUMMARY FOR APRIL 26 2015...

CLIMATE NORMAL PERIOD 1981 TO 2010
CLIMATE RECORD PERIOD 9999 TO 9999


WEATHER ITEM   OBSERVED TIME   NORMAL DEPARTURE LAST
                VALUE   (LST)  VALUE  FROM      YEAR
                                      NORMAL
......................................................
TEMPERATURE (F)
 YESTERDAY
  MAXIMUM         53    441 PM  63    -10       73
  MINIMUM         43    940 PM  34      9       50
  AVERAGE         48            49     -1       62

PRECIPITATION (IN)
  YESTERDAY        0.05          0.07  -0.02     0.00
  MONTH TO DATE    1.88          1.61   0.27     0.96
  SINCE MAR 1      2.06          2.48  -0.42     1.30
  SINCE JAN 1      2.52          3.27  -0.75     1.57

DEGREE DAYS
 HEATING
  YESTERDAY       17            16      1        3
  MONTH TO DATE  513           521     -8      517
  SINCE MAR 1   1220          1409   -189     1450
  SINCE JUL 1   6430          6759   -329     6932

 COOLING
  YESTERDAY        0             0      0        0
  MONTH TO DATE    0             0      0        1
  SINCE MAR 1      0             0      0        1
  SINCE JAN 1      0             0      0        1
......................................................


WIND (MPH)
  HIGHEST WIND SPEED    17   HIGHEST WIND DIRECTION    SE (120)
  HIGHEST GUST SPEED    22   HIGHEST GUST DIRECTION    SE (120)
  AVERAGE WIND SPEED     8.6


SKY COVER
  AVERAGE SKY COVER 1.0


WEATHER CONDITIONS
 THE FOLLOWING WEATHER WAS RECORDED YESTERDAY.
  LIGHT RAIN
  FOG
  HAZE


RELATIVE HUMIDITY (PERCENT)
 HIGHEST    93          1200 AM
 LOWEST     61           600 PM
 AVERAGE    77

..........................................................




SUNRISE AND SUNSET
APRIL 27 2015.........SUNRISE   550 AM MDT   SUNSET   746 PM MDT
APRIL 28 2015.........SUNRISE   548 AM MDT   SUNSET   747 PM MDT


-  INDICATES NEGATIVE NUMBERS.
R  INDICATES RECORD WAS SET OR TIED.
MM INDICATES DATA IS MISSING.
T  INDICATES TRACE AMOUNT.




$$
