000
CDUS41 KPHI 250627
CLIILG


CLIMATE REPORT
NATIONAL WEATHER SERVICE MOUNT HOLLY NJ
226 AM EDT SAT APR 25 2015


...................................

...THE WILMINGTON DE CLIMATE SUMMARY FOR APRIL 24 2015...

CLIMATE NORMAL PERIOD 1981 TO 2010
CLIMATE RECORD PERIOD 1894 TO 2015


WEATHER ITEM   OBSERVED TIME   RECORD YEAR NORMAL DEPARTURE LAST
                VALUE   (LST)  VALUE       VALUE  FROM      YEAR
                                                  NORMAL
..................................................................
TEMPERATURE (F)
 YESTERDAY
  MAXIMUM         56    441 PM  84    2001  67    -11       63
  MINIMUM         37    443 AM  30    1930  46     -9       39
  AVERAGE         47                        56     -9       51

PRECIPITATION (IN)
  YESTERDAY        0.00          1.28 1983   0.11  -0.11     0.00
  MONTH TO DATE    4.29                      2.83   1.46     1.75
  SINCE MAR 1      9.68                      6.75   2.93     5.57
  SINCE JAN 1     16.29                     12.44   3.85    14.15

SNOWFALL (IN)
  YESTERDAY        0.0           0.0  1894   0.0    0.0      0.0
  MONTH TO DATE    0.0                       0.3   -0.3      0.0
  SINCE MAR 1      8.6                       2.2    6.4      7.7
  SINCE JUL 1     23.4                      20.2    3.2     56.1
  SNOW DEPTH       0

DEGREE DAYS
 HEATING
  YESTERDAY       18                         9      9       14
  MONTH TO DATE  268                       312    -44      301
  SINCE MAR 1   1102                       995    107     1121
  SINCE JUL 1   4941                      4618    323     4976

 COOLING
  YESTERDAY        0                         1     -1        0
  MONTH TO DATE    4                         4      0        7
  SINCE MAR 1      4                         5     -1        7
  SINCE JAN 1      4                         5     -1        7
..................................................................


WIND (MPH)
  HIGHEST WIND SPEED    28   HIGHEST WIND DIRECTION     W (290)
  HIGHEST GUST SPEED    37   HIGHEST GUST DIRECTION    NW (300)
  AVERAGE WIND SPEED    15.2


SKY COVER
  POSSIBLE SUNSHINE  MM
  AVERAGE SKY COVER 0.3


WEATHER CONDITIONS
 THE FOLLOWING WEATHER WAS RECORDED YESTERDAY.
  NO SIGNIFICANT WEATHER WAS OBSERVED.


RELATIVE HUMIDITY (PERCENT)
 HIGHEST    59           200 AM
 LOWEST     22           400 PM
 AVERAGE    41

..........................................................


THE WILMINGTON DE CLIMATE NORMALS FOR TODAY
                         NORMAL    RECORD    YEAR
 MAXIMUM TEMPERATURE (F)   67        89      1960
                                             1895
 MINIMUM TEMPERATURE (F)   46        31      1936
                                             1919


SUNRISE AND SUNSET
APRIL 25 2015.........SUNRISE   611 AM EDT   SUNSET   750 PM EDT
APRIL 26 2015.........SUNRISE   610 AM EDT   SUNSET   751 PM EDT


-  INDICATES NEGATIVE NUMBERS.
R  INDICATES RECORD WAS SET OR TIED.
MM INDICATES DATA IS MISSING.
T  INDICATES TRACE AMOUNT.




$$
