000
CDUS43 KDVN 062120
CLIIOW


CLIMATE REPORT
NATIONAL WEATHER SERVICE QUAD CITIES IA IL
420 PM CDT WED MAY 6 2015


...................................

...THE IOWA CITY IA CLIMATE SUMMARY FOR MAY 6 2015...
VALID TODAY AS OF 0400 PM LOCAL TIME.

CLIMATE NORMAL PERIOD 1981 TO 2010
CLIMATE RECORD PERIOD 9999 TO 9999


WEATHER ITEM   OBSERVED TIME   RECORD YEAR NORMAL DEPARTURE LAST
                VALUE   (LST)  VALUE       VALUE  FROM      YEAR
                                                  NORMAL
..................................................................
TEMPERATURE (F)
 TODAY
  MAXIMUM         82    157 PM  MM      MM  68     14       74
  MINIMUM         56    546 AM  MM      MM  47      9       44
  AVERAGE         69                        58     11       59

PRECIPITATION (IN)
  TODAY            0.00         MM      MM   0.13  -0.13     0.00
  MONTH TO DATE    2.10                      0.86   1.24     0.02
  SINCE MAR 1      5.73                      6.58  -0.85     6.47
  SINCE JAN 1      7.31                      8.74  -1.43     8.30

DEGREE DAYS
 HEATING
  TODAY            0                         8     -8        6
  MONTH TO DATE   16                        52    -36       63
  SINCE MAR 1   1244                      1295    -51     1582
  SINCE JUL 1   6609                      6245    364     7375

 COOLING
  TODAY            4                         1      3        0
  MONTH TO DATE   11                         3      8        0
  SINCE MAR 1     11                         7      4        3
  SINCE JAN 1     11                         7      4        3
..................................................................


WIND (MPH)
  HIGHEST WIND SPEED    28   HIGHEST WIND DIRECTION    SE (150)
  HIGHEST GUST SPEED    34   HIGHEST GUST DIRECTION     S (160)
  AVERAGE WIND SPEED    10.7


SKY COVER
  POSSIBLE SUNSHINE  MM
  AVERAGE SKY COVER 0.6


WEATHER CONDITIONS
 THE FOLLOWING WEATHER WAS RECORDED TODAY.
  FOG
  HAZE


RELATIVE HUMIDITY (PERCENT)
 HIGHEST   100          1200 AM
 LOWEST     42          1200 PM
 AVERAGE    71

..........................................................


THE IOWA CITY IA CLIMATE NORMALS FOR TOMORROW
                         NORMAL    RECORD    YEAR
 MAXIMUM TEMPERATURE (F)   69        MM        MM
 MINIMUM TEMPERATURE (F)   48        MM        MM


SUNRISE AND SUNSET
MAY  6 2015...........SUNRISE   557 AM CDT   SUNSET   809 PM CDT
MAY  7 2015...........SUNRISE   556 AM CDT   SUNSET   810 PM CDT


-  INDICATES NEGATIVE NUMBERS.
R  INDICATES RECORD WAS SET OR TIED.
MM INDICATES DATA IS MISSING.
T  INDICATES TRACE AMOUNT.




$$
