000
CDUS43 KEAX 061251
CLIIRK


CLIMATE REPORT
NATIONAL WEATHER SERVICE KANSAS CITY/PLEASANT HILL MO
750 AM CDT WED MAY 6 2015


...................................

...THE KIRKSVILLE MO CLIMATE SUMMARY FOR MAY 6 2015...
VALID AS OF 0700 AM LOCAL TIME.

CLIMATE NORMAL PERIOD 1981 TO 2010
CLIMATE RECORD PERIOD 9999 TO 9999


WEATHER ITEM   OBSERVED TIME   NORMAL DEPARTURE LAST
                VALUE   (LST)  VALUE  FROM      YEAR
                                      NORMAL
......................................................
TEMPERATURE (F)
 TODAY
  MAXIMUM         65   1234 AM  69     -4       80
  MINIMUM         61    530 AM  48     13       50
  AVERAGE         63            58      5       65

PRECIPITATION (IN)
  TODAY            0.00          0.17  -0.17     0.00
  MONTH TO DATE    0.21          1.11  -0.90     0.01
  SINCE MAR 1      4.74          7.50  -2.76     4.06
  SINCE JAN 1      6.79         10.30  -3.51     7.61

DEGREE DAYS
 HEATING
  TODAY            2             7     -5        0
  MONTH TO DATE   16            48    -32       43
  SINCE MAR 1    984          1205   -221     1346
  SINCE JUL 1   5663          5738    -75     6316

 COOLING
  TODAY            0             1     -1        0
  MONTH TO DATE   12             5      7        0
  SINCE MAR 1     15            12      3        5
  SINCE JAN 1     15            12      3        5
......................................................


WIND (MPH)
  HIGHEST WIND SPEED    13   HIGHEST WIND DIRECTION     S (160)
  HIGHEST GUST SPEED    16   HIGHEST GUST DIRECTION    SE (140)
  AVERAGE WIND SPEED     9.5


SKY COVER
  AVERAGE SKY COVER 0.0


WEATHER CONDITIONS
 THE FOLLOWING WEATHER WAS RECORDED TODAY.
  NO SIGNIFICANT WEATHER WAS OBSERVED.


RELATIVE HUMIDITY (PERCENT)
 HIGHEST    90           100 AM
 LOWEST     73           600 AM
 AVERAGE    82

..........................................................


THE KIRKSVILLE MO CLIMATE NORMALS FOR TOMORROW
                         NORMAL
 MAXIMUM TEMPERATURE (F)   69
 MINIMUM TEMPERATURE (F)   48


SUNRISE AND SUNSET
MAY  6 2015...........SUNRISE   604 AM CDT   SUNSET   810 PM CDT
MAY  7 2015...........SUNRISE   603 AM CDT   SUNSET   811 PM CDT


-  INDICATES NEGATIVE NUMBERS.
R  INDICATES RECORD WAS SET OR TIED.
MM INDICATES DATA IS MISSING.
T  INDICATES TRACE AMOUNT.




$$
