000
CDUS44 KJAN 012114
CLIJAN


CLIMATE REPORT
NATIONAL WEATHER SERVICE JACKSON MS
412 PM CDT WED APR 1 2015


...................................

...THE JACKSON CLIMATE SUMMARY FOR APRIL 1 2015...
VALID TODAY AS OF 0400 PM LOCAL TIME.

CLIMATE NORMAL PERIOD 1981 TO 2010
CLIMATE RECORD PERIOD 1896 TO 2015


WEATHER ITEM   OBSERVED TIME   RECORD YEAR NORMAL DEPARTURE LAST
                VALUE   (LST)  VALUE       VALUE  FROM      YEAR
                                                  NORMAL
..................................................................
TEMPERATURE (F)
 TODAY
  MAXIMUM         80    218 PM  87    1927  73      7       80
                                      1896
  MINIMUM         59    500 AM  31    1994  49     10       56
  AVERAGE         70                        61      9       68

PRECIPITATION (IN)
  TODAY            0.00          1.84 1938   0.19  -0.19      T
  MONTH TO DATE    0.00                      0.19  -0.19      T
  SINCE MAR 1      7.27                      5.23   2.04     5.65
  SINCE JAN 1     17.47                     14.96   2.51    12.70

SNOWFALL (IN)
  TODAY            0.0           0.0    MM   0.0    0.0      0.0
  MONTH TO DATE    0.0                       0.0    0.0      0.0
  SINCE MAR 1      0.3                       0.1    0.2       T
  SINCE JUL 1      0.3                       0.8   -0.5      0.8

DEGREE DAYS
 HEATING
  TODAY            0                         6     -6        0
  MONTH TO DATE    0                         6     -6        0
  SINCE MAR 1    195                       284    -89      343
  SINCE JUL 1   2321                      2276     45     2609

 COOLING
  TODAY            5                         2      3        3
  MONTH TO DATE    5                         2      3        3
  SINCE MAR 1     42                        29     13        7
  SINCE JAN 1     42                        39      3       13
..................................................................


WIND (MPH)
  HIGHEST WIND SPEED    16   HIGHEST WIND DIRECTION    SE (150)
  HIGHEST GUST SPEED    21   HIGHEST GUST DIRECTION     S (180)
  AVERAGE WIND SPEED     6.1


SKY COVER
  POSSIBLE SUNSHINE  MM
  AVERAGE SKY COVER 0.6


WEATHER CONDITIONS
 THE FOLLOWING WEATHER WAS RECORDED TODAY.
  NO SIGNIFICANT WEATHER WAS OBSERVED.


RELATIVE HUMIDITY (PERCENT)
 HIGHEST    93           500 AM
 LOWEST     54           100 PM
 AVERAGE    74

..........................................................


THE JACKSON CLIMATE NORMALS FOR TOMORROW
                         NORMAL    RECORD    YEAR
 MAXIMUM TEMPERATURE (F)   73        90      1918
 MINIMUM TEMPERATURE (F)   49        30      1992


SUNRISE AND SUNSET
APRIL  1 2015.........SUNRISE   649 AM CDT   SUNSET   720 PM CDT
APRIL  2 2015.........SUNRISE   648 AM CDT   SUNSET   721 PM CDT


-  INDICATES NEGATIVE NUMBERS.
R  INDICATES RECORD WAS SET OR TIED.
MM INDICATES DATA IS MISSING.
T  INDICATES TRACE AMOUNT.

&&

AT 4 PM:

THE PEARL RIVER STAGE AT JACKSON WAS 12.3 FEET. THE RIVER HAS FALLEN
1.1 FEET OVER THE PAST 24 HOURS.

THE MISSISSIPPI RIVER STAGE AT VICKSBURG WAS 43.0 FEET. THE RIVER
HAS RISEN 0.3 FEET OVER THE PAST 24 HOURS.

THE AIR QUALITY INDEX AT JACKSON WAS 87...WHICH IS MODERATE.


$$
