000
CDUS44 KJAN 270839 CCA
CLIJAN

CLIMATE REPORT...CORRECTED
NATIONAL WEATHER SERVICE JACKSON MS
329 AM CDT MON APR 27 2015


...................................

...THE JACKSON CLIMATE SUMMARY FOR APRIL 26 2015...

CLIMATE NORMAL PERIOD 1981 TO 2010
CLIMATE RECORD PERIOD 1896 TO 2015


WEATHER ITEM   OBSERVED TIME   RECORD YEAR NORMAL DEPARTURE LAST
                VALUE   (LST)  VALUE       VALUE  FROM      YEAR
                                                  NORMAL
..................................................................
TEMPERATURE (F)
 YESTERDAY
  MAXIMUM         88    218 PM  90    1989  78     10       88
                                      1925
  MINIMUM         63    558 AM  36    1910  55      8       50
  AVERAGE         76                        67      9       69

PRECIPITATION (IN)
  YESTERDAY        0.00          2.22 1920   0.15  -0.15     0.00
  MONTH TO DATE    3.75                      4.42  -0.67    10.51
  SINCE MAR 1     11.02                      9.46   1.56    16.16
  SINCE JAN 1     21.22                     19.19   2.03    23.21

SNOWFALL (IN)
  YESTERDAY        0.0           0.0    MM   0.0    0.0      0.0
  MONTH TO DATE    0.0                       0.0    0.0      0.0
  SINCE MAR 1      0.3                       0.1    0.2       T
  SINCE JUL 1      0.3                       0.8   -0.5      0.8

DEGREE DAYS
 HEATING
  YESTERDAY        0                         2     -2        0
  MONTH TO DATE   20                       102    -82      108
  SINCE MAR 1    215                       380   -165      451
  SINCE JUL 1   2341                      2372    -31     2717

 COOLING
  YESTERDAY       11                         4      7        4
  MONTH TO DATE  139                        64     75       53
  SINCE MAR 1    176                        91     85       57
  SINCE JAN 1    176                       101     75       63
..................................................................


WIND (MPH)
  HIGHEST WIND SPEED    15   HIGHEST WIND DIRECTION    NE (30)
  HIGHEST GUST SPEED    19   HIGHEST GUST DIRECTION    NE (30)
  AVERAGE WIND SPEED     5.5


SKY COVER
  POSSIBLE SUNSHINE  MM
  AVERAGE SKY COVER 0.3


WEATHER CONDITIONS
 THE FOLLOWING WEATHER WAS RECORDED YESTERDAY.
  FOG


RELATIVE HUMIDITY (PERCENT)
 HIGHEST   100           500 AM
 LOWEST     34           200 PM
 AVERAGE    67

..........................................................


THE JACKSON CLIMATE NORMALS FOR TODAY
                         NORMAL    RECORD    YEAR
 MAXIMUM TEMPERATURE (F)   79        93      1987
 MINIMUM TEMPERATURE (F)   56        39      1992


SUNRISE AND SUNSET
APRIL 27 2015.........SUNRISE   618 AM CDT   SUNSET   738 PM CDT
APRIL 28 2015.........SUNRISE   617 AM CDT   SUNSET   739 PM CDT


-  INDICATES NEGATIVE NUMBERS.
R  INDICATES RECORD WAS SET OR TIED.
MM INDICATES DATA IS MISSING.
T  INDICATES TRACE AMOUNT.

&&

AT 3 AM:

THE PEARL RIVER STAGE AT JACKSON WAS 15.7 FEET. THE RIVER HAS FALLEN
2.6 FEET OVER THE LAST 24 HOURS.

THE MISSISSIPPI RIVER STAGE AT VICKSBURG WAS 41.8 FEET. THE RIVER
HAS RISEN 0.2 FEET OVER THE LAST 24 HOURS.

$$
