000
CDUS45 KVEF 210025
CLILAS


CLIMATE REPORT
NATIONAL WEATHER SERVICE LAS VEGAS, NV
525 PM PDT MON APR 20 2015


...................................

...THE LAS VEGAS NV CLIMATE SUMMARY FOR APRIL 20 2015...
VALID TODAY AS OF 0500 PM LOCAL TIME.

CLIMATE NORMAL PERIOD 1981 TO 2010
CLIMATE RECORD PERIOD 1937 TO 2015


WEATHER ITEM   OBSERVED TIME   RECORD YEAR NORMAL DEPARTURE LAST
                VALUE   (LST)  VALUE       VALUE  FROM      YEAR
                                                  NORMAL
..................................................................
TEMPERATURE (F)
 TODAY
  MAXIMUM         89    328 PM  97    1994  80      9       91
                                      1938
  MINIMUM         65    529 AM  34    1966  57      8       65
  AVERAGE         77                        68      9       78

PRECIPITATION (IN)
  TODAY            0.00          0.18 1990   0.01  -0.01     0.00
  MONTH TO DATE    T                         0.12  -0.12      T
  SINCE OCT 1      1.99                      2.99  -1.00     1.72
  SINCE JAN 1      1.69                      1.86  -0.17     0.30

SNOWFALL (IN)
  TODAY            0.0           0.0    MM   0.0    0.0      0.0
  MONTH TO DATE    0.0                       0.0    0.0      0.0
  SINCE MAR 1      0.0                       0.0    0.0      0.0
  SINCE JUL 1      T                         0.3   -0.3      0.0
  SNOW DEPTH       0

DEGREE DAYS
 HEATING
  TODAY            0                         2     -2        0
  MONTH TO DATE   24                        54    -30       35
  SINCE MAR 1    100                       243   -143      120
  SINCE JUL 1   1207                      1934   -727     1506

 COOLING
  TODAY           12                         5      7       13
  MONTH TO DATE   75                        65     10      140
  SINCE MAR 1    213                        95    118      171
  SINCE JAN 1    223                        96    127      174
..................................................................


WIND (MPH)
  RESULTANT WIND SPEED   6   RESULTANT WIND DIRECTION   S (180)
  HIGHEST WIND SPEED    16   HIGHEST WIND DIRECTION     S (160)
  HIGHEST GUST SPEED    19   HIGHEST GUST DIRECTION     S (180)
  AVERAGE WIND SPEED     7.6


SKY COVER
  POSSIBLE SUNSHINE  MM
  AVERAGE SKY COVER 0.3


WEATHER CONDITIONS
 THE FOLLOWING WEATHER WAS RECORDED TODAY.
  NO SIGNIFICANT WEATHER WAS OBSERVED.


RELATIVE HUMIDITY (PERCENT)
 HIGHEST    16           500 AM
 LOWEST      7          1200 PM
 AVERAGE    12

..........................................................


THE LAS VEGAS NV CLIMATE NORMALS FOR TOMORROW
                         NORMAL    RECORD    YEAR
 MAXIMUM TEMPERATURE (F)   80        98      1950
 MINIMUM TEMPERATURE (F)   58        37      1966


SUNRISE AND SUNSET
APRIL 20 2015.........SUNRISE   601 AM PDT   SUNSET   718 PM PDT
APRIL 21 2015.........SUNRISE   600 AM PDT   SUNSET   719 PM PDT


-  INDICATES NEGATIVE NUMBERS.
R  INDICATES RECORD WAS SET OR TIED.
MM INDICATES DATA IS MISSING.
T  INDICATES TRACE AMOUNT.




$$
