000
CDUS42 KILM 250847
CLILBT


CLIMATE REPORT
NATIONAL WEATHER SERVICE WILMINGTON NC
447 AM EDT SAT APR 25 2015


...................................

...THE LUMBERTON NC CLIMATE SUMMARY FOR APRIL 24 2015...

CLIMATE NORMAL PERIOD 1981 TO 2010
CLIMATE RECORD PERIOD 9999 TO 9999


WEATHER ITEM   OBSERVED TIME   NORMAL DEPARTURE LAST
                VALUE   (LST)  VALUE  FROM      YEAR
                                      NORMAL
......................................................
TEMPERATURE (F)
 YESTERDAY
  MAXIMUM         71    510 PM  77     -6       73
  MINIMUM         46    531 AM  51     -5       44
  AVERAGE         59            64     -5       59

PRECIPITATION (IN)
  YESTERDAY        0.00          0.09  -0.09     0.00
  MONTH TO DATE    1.93          2.35  -0.42     3.12
  SINCE MAR 1      5.41          5.68  -0.27     6.54
  SINCE JAN 1     14.87         11.55   3.32    12.61

SNOWFALL (IN)
  YESTERDAY       MM
  MONTH TO DATE   MM
  SINCE MAR 1     MM
  SINCE JUL 1     MM
  SNOW DEPTH      MM

DEGREE DAYS
 HEATING
  YESTERDAY        6             4      2        6
  MONTH TO DATE   60           135    -75      120
  SINCE MAR 1    364           481   -117      632
  SINCE JUL 1   2728          2711     17     2928

 COOLING
  YESTERDAY        0             2     -2        0
  MONTH TO DATE   78            40     38       20
  SINCE MAR 1     93            50     43       21
  SINCE JAN 1     93            53     40       22
......................................................


WIND (MPH)
  HIGHEST WIND SPEED    16   HIGHEST WIND DIRECTION     N (350)
  HIGHEST GUST SPEED    23   HIGHEST GUST DIRECTION     N (20)
  AVERAGE WIND SPEED     6.4


SKY COVER
  POSSIBLE SUNSHINE  MM
  AVERAGE SKY COVER 0.0


WEATHER CONDITIONS
 THE FOLLOWING WEATHER WAS RECORDED YESTERDAY.
  NO SIGNIFICANT WEATHER WAS OBSERVED.


RELATIVE HUMIDITY (PERCENT)
 HIGHEST    86          1000 PM
 LOWEST     22           100 PM
 AVERAGE    54

..........................................................


THE LUMBERTON NC CLIMATE NORMALS FOR TODAY
                         NORMAL
 MAXIMUM TEMPERATURE (F)   77
 MINIMUM TEMPERATURE (F)   51


SUNRISE AND SUNSET
APRIL 25 2015.........SUNRISE   633 AM EDT   SUNSET   756 PM EDT
APRIL 26 2015.........SUNRISE   632 AM EDT   SUNSET   757 PM EDT


-  INDICATES NEGATIVE NUMBERS.
R  INDICATES RECORD WAS SET OR TIED.
MM INDICATES DATA IS MISSING.
T  INDICATES TRACE AMOUNT.




$$
