000
CDUS44 KSHV 190812
CLILFK


CLIMATE REPORT
NATIONAL WEATHER SERVICE SHREVEPORT, LA
307 AM CDT SUN APR 19 2015


...................................

...THE LUFKIN CLIMATE SUMMARY FOR APRIL 18 2015...

CLIMATE NORMAL PERIOD 1981 TO 2010
CLIMATE RECORD PERIOD 1906 TO 2015


WEATHER ITEM   OBSERVED TIME   RECORD YEAR NORMAL DEPARTURE LAST
                VALUE   (LST)  VALUE       VALUE  FROM      YEAR
                                                  NORMAL
..................................................................
TEMPERATURE (F)
 YESTERDAY
  MAXIMUM         81        MM  93    2006  79      2       81
  MINIMUM         63        MM  40    1999  56      7       57
  AVERAGE         72                        67      5       69

PRECIPITATION (IN)
  YESTERDAY        0.31          1.26 2009   0.10   0.21     0.00
  MONTH TO DATE    3.18                      1.76   1.42     2.67
  SINCE DEC 1     20.22                     18.03   2.19    10.25
  SINCE JAN 1     18.17                     13.59   4.58     8.04

SNOWFALL (IN)
  YESTERDAY       MM
  MONTH TO DATE    0.0
  SINCE MAR 1      0.0
  SINCE JUL 1      T
  SNOW DEPTH      MM

DEGREE DAYS
 HEATING
  YESTERDAY        0                         2     -2        0
  MONTH TO DATE    6                        55    -49       56
  SINCE MAR 1    168                       265    -97      306
  SINCE JUL 1   1688                      1899   -211     2109

 COOLING
  YESTERDAY        7                         4      3        4
  MONTH TO DATE  150                        58     92       62
  SINCE MAR 1    209                        99    110       79
  SINCE JAN 1    215                       118     97       97
..................................................................


WIND (MPH)
  HIGHEST WIND SPEED     7   HIGHEST WIND DIRECTION    SE (140)
  HIGHEST GUST SPEED    MM   HIGHEST GUST DIRECTION    MM
  AVERAGE WIND SPEED     4.6


SKY COVER
  POSSIBLE SUNSHINE  MM
  AVERAGE SKY COVER 0.5


WEATHER CONDITIONS
 THE FOLLOWING WEATHER WAS RECORDED YESTERDAY.
  THUNDERSTORM
  LIGHT RAIN
  FOG
  HAZE


RELATIVE HUMIDITY (PERCENT)
 HIGHEST    84           100 AM
 LOWEST     62           200 PM
 AVERAGE    73

..........................................................


THE LUFKIN CLIMATE NORMALS FOR TODAY
                         NORMAL    RECORD    YEAR
 MAXIMUM TEMPERATURE (F)   79        93      2011
                                             1987
 MINIMUM TEMPERATURE (F)   56        40      1939


SUNRISE AND SUNSET
APRIL 19 2015.........SUNRISE   647 AM CDT   SUNSET   750 PM CDT
APRIL 20 2015.........SUNRISE   646 AM CDT   SUNSET   751 PM CDT


-  INDICATES NEGATIVE NUMBERS.
R  INDICATES RECORD WAS SET OR TIED.
MM INDICATES DATA IS MISSING.
T  INDICATES TRACE AMOUNT.




$$
