000
CDUS45 KPIH 062328
CLILLJ


CLIMATE REPORT
NATIONAL WEATHER SERVICE POCATELLO ID
523 PM MDT WED MAY 6 2015


...................................

...THE CHALLIS ID CLIMATE SUMMARY FOR MAY 6 2015...
VALID TODAY AS OF 0500 PM LOCAL TIME.

CLIMATE NORMAL PERIOD 1981 TO 2010
CLIMATE RECORD PERIOD 1898 TO 2015


WEATHER ITEM   OBSERVED TIME   RECORD YEAR NORMAL DEPARTURE LAST
                VALUE   (LST)  VALUE       VALUE  FROM      YEAR
                                                  NORMAL
..................................................................
TEMPERATURE (F)
 TODAY
  MAXIMUM         62    232 PM  85    1992  63     -1       55
  MINIMUM         34    513 AM  18    1915  35     -1       39
                                      2003
                                      1968
  AVERAGE         48                        49     -1       47

PRECIPITATION (IN)
  TODAY            0.00          1.00 1995   0.03  -0.03     0.00
  MONTH TO DATE    0.01                      0.20  -0.19      T
  SINCE OCT 1      3.05                      4.79  -1.74     3.37
  SINCE JAN 1      1.26                      2.86  -1.60     2.64

SNOWFALL (IN)
  TODAY           MM
  MONTH TO DATE   MM
  SINCE MAR 1     MM
  SINCE JUL 1     MM
  SNOW DEPTH      MM

DEGREE DAYS
 HEATING
  TODAY           17                        16      1       18
  MONTH TO DATE   63                       101    -38       75
  SINCE MAR 1   1387                      1643   -256     1563
  SINCE JUL 1   6525                      7692  -1167     7312

 COOLING
  TODAY            0                         0      0        0
  MONTH TO DATE    0                         0      0        0
  SINCE MAR 1      0                         0      0        0
  SINCE JAN 1      0                         0      0        0
..................................................................


WIND (MPH)
  HIGHEST WIND SPEED    17   HIGHEST WIND DIRECTION     S (160)
  HIGHEST GUST SPEED    23   HIGHEST GUST DIRECTION     S (180)
  AVERAGE WIND SPEED     3.7


SKY COVER
  POSSIBLE SUNSHINE  MM
  AVERAGE SKY COVER 0.3


WEATHER CONDITIONS
 THE FOLLOWING WEATHER WAS RECORDED TODAY.
  NO SIGNIFICANT WEATHER WAS OBSERVED.


RELATIVE HUMIDITY (PERCENT)
 HIGHEST    82           500 AM
 LOWEST     19           100 PM
 AVERAGE    51

..........................................................


THE CHALLIS ID CLIMATE NORMALS FOR TOMORROW
                         NORMAL    RECORD    YEAR
 MAXIMUM TEMPERATURE (F)   63        86      1966
 MINIMUM TEMPERATURE (F)   35        18      1915


SUNRISE AND SUNSET
MAY  6 2015...........SUNRISE   621 AM MDT   SUNSET   847 PM MDT
MAY  7 2015...........SUNRISE   619 AM MDT   SUNSET   848 PM MDT


-  INDICATES NEGATIVE NUMBERS.
R  INDICATES RECORD WAS SET OR TIED.
MM INDICATES DATA IS MISSING.
T  INDICATES TRACE AMOUNT.




$$
