000
CDUS43 KOAX 280628
CLILNK


CLIMATE REPORT
NATIONAL WEATHER SERVICE OMAHA NEBRASKA
127 AM CDT TUE APR 28 2015


...................................

...THE LINCOLN, NEBRASKA CLIMATE SUMMARY FOR APRIL 27 2015...

CLIMATE NORMAL PERIOD 1981 TO 2010
CLIMATE RECORD PERIOD 1887 TO 2015


WEATHER ITEM   OBSERVED TIME   RECORD YEAR NORMAL DEPARTURE LAST
                VALUE   (LST)  VALUE       VALUE  FROM      YEAR
                                                  NORMAL
..................................................................
TEMPERATURE (F)
 YESTERDAY
  MAXIMUM         68    443 PM  95    1989  68      0       73
  MINIMUM         33    540 AM  24    1950  43    -10       61
  AVERAGE         51                        56     -5       67

PRECIPITATION (IN)
  YESTERDAY        0.00          1.58 1986   0.12  -0.12     0.48
  MONTH TO DATE    1.99                      2.37  -0.38     3.13
  SINCE MAR 1      2.76                      4.30  -1.54     3.26
  SINCE JAN 1      4.60                      5.71  -1.11     4.12

SNOWFALL (IN)
  YESTERDAY        0.0                       0.1   -0.1      0.0
  MONTH TO DATE    0.0                       1.4   -1.4      0.5
  SINCE JUL 1     21.9                      25.9   -4.0     18.2
  SNOW DEPTH       0

DEGREE DAYS
 HEATING
  YESTERDAY       14                        10      4        0
  MONTH TO DATE  299                       388    -89      331
  SINCE MAR 1    967                      1161   -194     1188
  SINCE JUL 1   5654                      5864   -210     6305

 COOLING
  YESTERDAY        0                         1     -1        2
  MONTH TO DATE    3                        10     -7       15
  SINCE MAR 1      5                        11     -6       15
  SINCE JAN 1      5                        11     -6       15
..................................................................


WIND (MPH)
  HIGHEST WIND SPEED    18   HIGHEST WIND DIRECTION    NE (40)
  HIGHEST GUST SPEED    22   HIGHEST GUST DIRECTION     E (70)
  AVERAGE WIND SPEED     7.9


SKY COVER
  POSSIBLE SUNSHINE  MM
  AVERAGE SKY COVER 0.0


WEATHER CONDITIONS
 THE FOLLOWING WEATHER WAS RECORDED YESTERDAY.
  NO SIGNIFICANT WEATHER WAS OBSERVED.


RELATIVE HUMIDITY (PERCENT)
 HIGHEST    89           500 AM
 LOWEST     26           100 PM
 AVERAGE    58

..........................................................


THE LINCOLN, NEBRASKA CLIMATE NORMALS FOR TODAY
                         NORMAL    RECORD    YEAR
 MAXIMUM TEMPERATURE (F)   69        97      1910
 MINIMUM TEMPERATURE (F)   44        30      2008
                                             1979
                                             1961


SUNRISE AND SUNSET
APRIL 28 2015.........SUNRISE   630 AM CDT   SUNSET   820 PM CDT
APRIL 29 2015.........SUNRISE   628 AM CDT   SUNSET   821 PM CDT


-  INDICATES NEGATIVE NUMBERS.
R  INDICATES RECORD WAS SET OR TIED.
MM INDICATES DATA IS MISSING.
T  INDICATES TRACE AMOUNT.




$$
