000
CDUS43 KLOT 270633
CLILOT


CLIMATE REPORT
NATIONAL WEATHER SERVICE CHICAGO IL
133 AM CDT MON APR 27 2015


...................................

...THE ROMEOVILLE  WFO CLIMATE SUMMARY FOR APRIL 26 2015...

CLIMATE NORMAL PERIOD 1981 TO 2010
CLIMATE RECORD PERIOD 1992 TO 2015


WEATHER ITEM   OBSERVED RECORD YEAR NORMAL DEPARTURE LAST
                VALUE   VALUE       VALUE  FROM      YEAR
                                           NORMAL
...........................................................
TEMPERATURE (F)
 YESTERDAY
  MAXIMUM         57     89    1994  65     -8       58
  MINIMUM         36     33    2012  43     -7       40
  AVERAGE         47                 54     -7       49

PRECIPITATION (IN)
  YESTERDAY        0.00   0.76 1995   0.14  -0.14      T
  MONTH TO DATE    3.46               3.30   0.16     2.73
  SINCE MAR 1      4.25               6.07  -1.82     4.84
  SINCE JAN 1      7.09               9.78  -2.69     9.70

SNOWFALL (IN)
  YESTERDAY        0.0    0.0  2011   0.0    0.0      0.0
                               2010
                               2009
  MONTH TO DATE    T                  0.5   -0.5      1.0
  SINCE MAR 1      5.2                4.9    0.3     11.2
  SINCE JUL 1     36.4               32.3    4.1     76.7
  SNOW DEPTH       0

DEGREE DAYS
 HEATING
  YESTERDAY       18                 11      7
  MONTH TO DATE  356                408    -52
  SINCE MAR 1   1257               1225     32
  SINCE JUL 1   6502               5953    549

 COOLING
  YESTERDAY        0                  0      0
  MONTH TO DATE    0                  0      0
  SINCE MAR 1      0                  0      0
  SINCE JAN 1      0                  0      0
...........................................................







THE ROMEOVILLE  WFO CLIMATE NORMALS FOR TODAY
                         NORMAL    RECORD    YEAR
 MAXIMUM TEMPERATURE (F)   65        76      2003
 MINIMUM TEMPERATURE (F)   44        31      2012
                                             1996
                                             1992


SUNRISE AND SUNSET
APRIL 27 2015.........SUNRISE   555 AM CDT   SUNSET   746 PM CDT
APRIL 28 2015.........SUNRISE   554 AM CDT   SUNSET   747 PM CDT


-  INDICATES NEGATIVE NUMBERS.
R  INDICATES RECORD WAS SET OR TIED.
MM INDICATES DATA IS MISSING.
T  INDICATES TRACE AMOUNT.




$$
